{"id":122341,"date":"2021-09-07T15:44:01","date_gmt":"2021-09-07T13:44:01","guid":{"rendered":"https:\/\/esenssi.com\/fabrica\/tienda\/sin%20categor\u00eda\/n50-adeline\/"},"modified":"2026-03-19T23:48:39","modified_gmt":"2026-03-19T21:48:39","slug":"n50-adeline","status":"publish","type":"product","link":"https:\/\/esenssi.com\/fabrica\/producto\/n50-adeline\/","title":{"rendered":"N50 \/ ADELINE"},"content":{"rendered":"<h3><strong>\u00bfENVASADO O A GRANEL?<\/strong><\/h3>\n<p>El mayor margen de beneficio que se da en este modelo de perfumer\u00eda es la venta a granel en las pr\u00e1cticas frascas de 1L con su etiquetado.<\/p>\n<p>Para este tipo de ventas, te ofrecemos diferentes modelos de envases, v\u00e1lvulas y etiquetas, y todos los \u00fatiles necesarios, como tiras secantes, probadores,&#8230;<\/p>\n<p>Lo m\u00e1s vendido actualmente, junto con el perfume, es la crema corporal perfumada del mismo aroma o solo de esencias puras.<\/p>\n<p>Conseguir\u00e1s con ello, que tu cliente tenga una l\u00ednea especial perfumada que doblar\u00e1 la intensidad del aroma en su cuerpo.<\/p>\n<p>Puedes completar esta l\u00ednea de aroma perfumando tus espacios a trav\u00e9s del ambientador en spray, brumas de ambiente, mikados, etc.<\/p>\n<p><!--Delina parfums de Marly--><\/p>\n","protected":false},"excerpt":{"rendered":"<p>Es una fragancia de la familia olfativa floral para mujeres.<\/p>\n<p>Las notas de salida son bergamota, lichi, nuez.<\/p>\n<p>Las notas de coraz\u00f3n son rosa, vainilla, musk<\/p>\n<p>Las notas de fondo veticer, cedro, incienso.<\/p>\n<p class=\"p2\">Larga duraci\u00f3n y m\u00e1xima intensidad garantizada en esta edici\u00f3n limitada.<\/p>\n<p>Puedes ver m\u00e1s informaci\u00f3n en la imagen de su etiqueta. Perfume con acordes similares a Dlina Parfums de Marly<\/p>\n","protected":false},"featured_media":62309,"comment_status":"open","ping_status":"closed","template":"","meta":{"content-type":"","_joinchat":[]},"product_cat":[1752,1234,1687,1238,1308],"product_tag":[1287,1241,1301,1258],"class_list":{"0":"post-122341","1":"product","2":"type-product","3":"status-publish","4":"has-post-thumbnail","6":"product_cat-perfumes-de-primavera","7":"product_cat-perfumes","8":"product_cat-san-valentin","9":"product_cat-nicho","10":"product_cat-perfumes-nicho-unisex","11":"product_tag-linea-niss","12":"product_tag-nicho","13":"product_tag-primavera","14":"product_tag-rosa","16":"first","17":"instock","18":"taxable","19":"shipping-taxable","20":"product-type-variable"},"yoast_head":"<!-- This site is optimized with the Yoast SEO plugin v23.3 - https:\/\/yoast.com\/wordpress\/plugins\/seo\/ -->\n<title>N50 \/ ADELINE - Esenssi - Tienda Online<\/title>\n<meta name=\"robots\" content=\"noindex, nofollow\" \/>\n<meta property=\"og:locale\" content=\"es_ES\" \/>\n<meta property=\"og:type\" content=\"article\" \/>\n<meta property=\"og:title\" content=\"N50 \/ ADELINE - Esenssi - Tienda Online\" \/>\n<meta property=\"og:description\" content=\"Es una fragancia de la familia olfativa floral para mujeres.  Las notas de salida son bergamota, lichi, nuez.  Las notas de coraz\u00f3n son rosa, vainilla, musk  Las notas de fondo veticer, cedro, incienso. Larga duraci\u00f3n y m\u00e1xima intensidad garantizada en esta edici\u00f3n limitada. Puedes ver m\u00e1s informaci\u00f3n en la imagen de su etiqueta. Perfume con acordes similares a Dlina Parfums de Marly\" \/>\n<meta property=\"og:url\" content=\"https:\/\/esenssi.com\/fabrica\/producto\/n50-adeline\/\" \/>\n<meta property=\"og:site_name\" content=\"Esenssi - Tienda Online\" \/>\n<meta property=\"article:modified_time\" content=\"2026-03-19T21:48:39+00:00\" \/>\n<meta property=\"og:image\" content=\"https:\/\/esenssi.com\/fabrica\/wp-content\/uploads\/2020\/07\/Rosa_Musk_unisex_Nicho.jpg\" \/>\n\t<meta property=\"og:image:width\" content=\"400\" \/>\n\t<meta property=\"og:image:height\" content=\"400\" \/>\n\t<meta property=\"og:image:type\" content=\"image\/jpeg\" \/>\n<meta name=\"twitter:card\" content=\"summary_large_image\" \/>\n<script type=\"application\/ld+json\" class=\"yoast-schema-graph\">{\"@context\":\"https:\/\/schema.org\",\"@graph\":[{\"@type\":\"WebPage\",\"@id\":\"https:\/\/esenssi.com\/fabrica\/producto\/n50-adeline\/\",\"url\":\"https:\/\/esenssi.com\/fabrica\/producto\/n50-adeline\/\",\"name\":\"N50 \/ ADELINE - Esenssi - Tienda Online\",\"isPartOf\":{\"@id\":\"https:\/\/esenssi.com\/fabrica\/#website\"},\"primaryImageOfPage\":{\"@id\":\"https:\/\/esenssi.com\/fabrica\/producto\/n50-adeline\/#primaryimage\"},\"image\":{\"@id\":\"https:\/\/esenssi.com\/fabrica\/producto\/n50-adeline\/#primaryimage\"},\"thumbnailUrl\":\"https:\/\/esenssi.com\/fabrica\/wp-content\/uploads\/2020\/07\/Rosa_Musk_unisex_Nicho.jpg\",\"datePublished\":\"2021-09-07T13:44:01+00:00\",\"dateModified\":\"2026-03-19T21:48:39+00:00\",\"breadcrumb\":{\"@id\":\"https:\/\/esenssi.com\/fabrica\/producto\/n50-adeline\/#breadcrumb\"},\"inLanguage\":\"es\",\"potentialAction\":[{\"@type\":\"ReadAction\",\"target\":[\"https:\/\/esenssi.com\/fabrica\/producto\/n50-adeline\/\"]}]},{\"@type\":\"ImageObject\",\"inLanguage\":\"es\",\"@id\":\"https:\/\/esenssi.com\/fabrica\/producto\/n50-adeline\/#primaryimage\",\"url\":\"https:\/\/esenssi.com\/fabrica\/wp-content\/uploads\/2020\/07\/Rosa_Musk_unisex_Nicho.jpg\",\"contentUrl\":\"https:\/\/esenssi.com\/fabrica\/wp-content\/uploads\/2020\/07\/Rosa_Musk_unisex_Nicho.jpg\",\"width\":400,\"height\":400},{\"@type\":\"BreadcrumbList\",\"@id\":\"https:\/\/esenssi.com\/fabrica\/producto\/n50-adeline\/#breadcrumb\",\"itemListElement\":[{\"@type\":\"ListItem\",\"position\":1,\"name\":\"F\u00e1brica\",\"item\":\"https:\/\/esenssi.com\/fabrica\/\"},{\"@type\":\"ListItem\",\"position\":2,\"name\":\"Tienda\",\"item\":\"https:\/\/esenssi.com\/fabrica\/tienda\/\"},{\"@type\":\"ListItem\",\"position\":3,\"name\":\"N50 \/ ADELINE\"}]},{\"@type\":\"WebSite\",\"@id\":\"https:\/\/esenssi.com\/fabrica\/#website\",\"url\":\"https:\/\/esenssi.com\/fabrica\/\",\"name\":\"Esenssi - Tienda Online\",\"description\":\"Fabricante de perfumes\",\"publisher\":{\"@id\":\"https:\/\/esenssi.com\/fabrica\/#organization\"},\"alternateName\":\"Esenssi - Tienda Online\",\"potentialAction\":[{\"@type\":\"SearchAction\",\"target\":{\"@type\":\"EntryPoint\",\"urlTemplate\":\"https:\/\/esenssi.com\/fabrica\/?s={search_term_string}\"},\"query-input\":\"required name=search_term_string\"}],\"inLanguage\":\"es\"},{\"@type\":\"Organization\",\"@id\":\"https:\/\/esenssi.com\/fabrica\/#organization\",\"name\":\"Mayoristas de perfumer\u00eda\",\"url\":\"https:\/\/esenssi.com\/fabrica\/\",\"logo\":{\"@type\":\"ImageObject\",\"inLanguage\":\"es\",\"@id\":\"https:\/\/esenssi.com\/fabrica\/#\/schema\/logo\/image\/\",\"url\":\"https:\/\/esenssi.com\/fabrica\/wp-content\/uploads\/2021\/08\/Logotipo_Esenssi_Web.png\",\"contentUrl\":\"https:\/\/esenssi.com\/fabrica\/wp-content\/uploads\/2021\/08\/Logotipo_Esenssi_Web.png\",\"width\":295,\"height\":64,\"caption\":\"Mayoristas de perfumer\u00eda\"},\"image\":{\"@id\":\"https:\/\/esenssi.com\/fabrica\/#\/schema\/logo\/image\/\"}}]}<\/script>\n<!-- \/ Yoast SEO plugin. -->","yoast_head_json":{"title":"N50 \/ ADELINE - Esenssi - Tienda Online","robots":{"index":"noindex","follow":"nofollow"},"og_locale":"es_ES","og_type":"article","og_title":"N50 \/ ADELINE - Esenssi - Tienda Online","og_description":"Es una fragancia de la familia olfativa floral para mujeres.  Las notas de salida son bergamota, lichi, nuez.  Las notas de coraz\u00f3n son rosa, vainilla, musk  Las notas de fondo veticer, cedro, incienso. Larga duraci\u00f3n y m\u00e1xima intensidad garantizada en esta edici\u00f3n limitada. Puedes ver m\u00e1s informaci\u00f3n en la imagen de su etiqueta. Perfume con acordes similares a Dlina Parfums de Marly","og_url":"https:\/\/esenssi.com\/fabrica\/producto\/n50-adeline\/","og_site_name":"Esenssi - Tienda Online","article_modified_time":"2026-03-19T21:48:39+00:00","og_image":[{"width":400,"height":400,"url":"https:\/\/esenssi.com\/fabrica\/wp-content\/uploads\/2020\/07\/Rosa_Musk_unisex_Nicho.jpg","type":"image\/jpeg"}],"twitter_card":"summary_large_image","schema":{"@context":"https:\/\/schema.org","@graph":[{"@type":"WebPage","@id":"https:\/\/esenssi.com\/fabrica\/producto\/n50-adeline\/","url":"https:\/\/esenssi.com\/fabrica\/producto\/n50-adeline\/","name":"N50 \/ ADELINE - Esenssi - Tienda Online","isPartOf":{"@id":"https:\/\/esenssi.com\/fabrica\/#website"},"primaryImageOfPage":{"@id":"https:\/\/esenssi.com\/fabrica\/producto\/n50-adeline\/#primaryimage"},"image":{"@id":"https:\/\/esenssi.com\/fabrica\/producto\/n50-adeline\/#primaryimage"},"thumbnailUrl":"https:\/\/esenssi.com\/fabrica\/wp-content\/uploads\/2020\/07\/Rosa_Musk_unisex_Nicho.jpg","datePublished":"2021-09-07T13:44:01+00:00","dateModified":"2026-03-19T21:48:39+00:00","breadcrumb":{"@id":"https:\/\/esenssi.com\/fabrica\/producto\/n50-adeline\/#breadcrumb"},"inLanguage":"es","potentialAction":[{"@type":"ReadAction","target":["https:\/\/esenssi.com\/fabrica\/producto\/n50-adeline\/"]}]},{"@type":"ImageObject","inLanguage":"es","@id":"https:\/\/esenssi.com\/fabrica\/producto\/n50-adeline\/#primaryimage","url":"https:\/\/esenssi.com\/fabrica\/wp-content\/uploads\/2020\/07\/Rosa_Musk_unisex_Nicho.jpg","contentUrl":"https:\/\/esenssi.com\/fabrica\/wp-content\/uploads\/2020\/07\/Rosa_Musk_unisex_Nicho.jpg","width":400,"height":400},{"@type":"BreadcrumbList","@id":"https:\/\/esenssi.com\/fabrica\/producto\/n50-adeline\/#breadcrumb","itemListElement":[{"@type":"ListItem","position":1,"name":"F\u00e1brica","item":"https:\/\/esenssi.com\/fabrica\/"},{"@type":"ListItem","position":2,"name":"Tienda","item":"https:\/\/esenssi.com\/fabrica\/tienda\/"},{"@type":"ListItem","position":3,"name":"N50 \/ ADELINE"}]},{"@type":"WebSite","@id":"https:\/\/esenssi.com\/fabrica\/#website","url":"https:\/\/esenssi.com\/fabrica\/","name":"Esenssi - Tienda Online","description":"Fabricante de perfumes","publisher":{"@id":"https:\/\/esenssi.com\/fabrica\/#organization"},"alternateName":"Esenssi - Tienda Online","potentialAction":[{"@type":"SearchAction","target":{"@type":"EntryPoint","urlTemplate":"https:\/\/esenssi.com\/fabrica\/?s={search_term_string}"},"query-input":"required name=search_term_string"}],"inLanguage":"es"},{"@type":"Organization","@id":"https:\/\/esenssi.com\/fabrica\/#organization","name":"Mayoristas de perfumer\u00eda","url":"https:\/\/esenssi.com\/fabrica\/","logo":{"@type":"ImageObject","inLanguage":"es","@id":"https:\/\/esenssi.com\/fabrica\/#\/schema\/logo\/image\/","url":"https:\/\/esenssi.com\/fabrica\/wp-content\/uploads\/2021\/08\/Logotipo_Esenssi_Web.png","contentUrl":"https:\/\/esenssi.com\/fabrica\/wp-content\/uploads\/2021\/08\/Logotipo_Esenssi_Web.png","width":295,"height":64,"caption":"Mayoristas de perfumer\u00eda"},"image":{"@id":"https:\/\/esenssi.com\/fabrica\/#\/schema\/logo\/image\/"}}]}},"_links":{"self":[{"href":"https:\/\/esenssi.com\/fabrica\/wp-json\/wp\/v2\/product\/122341"}],"collection":[{"href":"https:\/\/esenssi.com\/fabrica\/wp-json\/wp\/v2\/product"}],"about":[{"href":"https:\/\/esenssi.com\/fabrica\/wp-json\/wp\/v2\/types\/product"}],"replies":[{"embeddable":true,"href":"https:\/\/esenssi.com\/fabrica\/wp-json\/wp\/v2\/comments?post=122341"}],"wp:featuredmedia":[{"embeddable":true,"href":"https:\/\/esenssi.com\/fabrica\/wp-json\/wp\/v2\/media\/62309"}],"wp:attachment":[{"href":"https:\/\/esenssi.com\/fabrica\/wp-json\/wp\/v2\/media?parent=122341"}],"wp:term":[{"taxonomy":"product_cat","embeddable":true,"href":"https:\/\/esenssi.com\/fabrica\/wp-json\/wp\/v2\/product_cat?post=122341"},{"taxonomy":"product_tag","embeddable":true,"href":"https:\/\/esenssi.com\/fabrica\/wp-json\/wp\/v2\/product_tag?post=122341"}],"curies":[{"name":"wp","href":"https:\/\/api.w.org\/{rel}","templated":true}]}}