{"id":144933,"date":"2021-09-28T22:16:27","date_gmt":"2021-09-28T22:16:27","guid":{"rendered":"http:\/\/www.esenssi.com.uvds98.active24.cz\/tienda\/ambientador-mikado-nature\/"},"modified":"2025-12-10T19:37:45","modified_gmt":"2025-12-10T17:37:45","slug":"ambientador-mikado-nature","status":"publish","type":"product","link":"https:\/\/esenssi.com\/fabrica\/producto\/ambientador-mikado-nature\/","title":{"rendered":"Ambientador Mikado Nature"},"content":{"rendered":"<h3><strong>NEUTRALIZADORES DE OLOR<\/strong><\/h3>\n<p><strong>Una de las formas m\u00e1s efectivas de crear un espacio limpio y perfumado<\/strong> es primero neutralizando o eliminando los malos olores.<\/p>\n<p>Presenta una <strong>l\u00ednea de ambientaci\u00f3n especialmente formulada para <a href=\"https:\/\/esenssi.com\/aroma-personalizados-para-empresas\/\">neutralizar malos olores<\/a><\/strong> actuando directamente sobre las bacterias y organismos que los generan elimin\u00e1ndolos de forma permanente, adem\u00e1s, estad f\u00f3rmula consigue prevenir el olor desde su origen.<\/p>\n<p>Descubre <strong>Claire<\/strong> nuestro eficaz Neutralizador de olores en diferentes formatos: <strong><a href=\"https:\/\/esenssi.com\/fabrica\/ambientacion-granel\/spray\/\">Ambientador en Spray<\/a>,<\/strong> <strong>Ambientador Mikado<\/strong>, Ambientador Coche y para <strong><a href=\"https:\/\/esenssi.com\/etiqueta-producto\/brumizadores\/\">Difusores de aromas \/ brumizadores<\/a><\/strong> con <strong><a href=\"https:\/\/esenssi.com\/fabrica\/ambientacion-granel\/brumas\/\">Brumas de Ambiente<\/a><\/strong>.<\/p>\n<h3><strong>\u00bfENVASADO O A GRANEL?<\/strong><\/h3>\n<p>Ideal y muy rentable el formato de venta a granel de ambientaci\u00f3n en las pr\u00e1cticas <a href=\"https:\/\/esenssi.com\/producto\/frasca-cristal-con-grifo-1l\/\">frascas con grifo<\/a> que ponemos a tu disposici\u00f3n. Tu cliente podr\u00e1 elegir la cantidad que quiera en los <a href=\"https:\/\/esenssi.com\/fabrica\/envases\/ambientacion\/\/\">envases<\/a> que te proporcionamos de la misma l\u00ednea o de las otras de nuestro cat\u00e1logo en diferentes capacidades y dise\u00f1os.<\/p>\n<p>Junto con las <a href=\"https:\/\/esenssi.com\/producto\/varitas-de-rattan-pack-100-unidades\/\">varitas de rat\u00e1n<\/a>, <a href=\"https:\/\/esenssi.com\/producto\/etiquetas-personalizidas-ambientacion\/\">etiquetas<\/a> especiales, <a href=\"https:\/\/esenssi.com\/producto\/perfumador-probador\/\">probadores<\/a>, <a href=\"https:\/\/esenssi.com\/fabrica\/producto\/tiras-olfativas\/\">tiras secantes<\/a> y todos los \u00fatiles de venta necesarios que podr\u00e1s encontrar en esta secci\u00f3n.<\/p>\n<p>O puedes pedirlos ya envasados en las divertidas y coloridas frascas que forman esta l\u00ednea de fragancias.<\/p>\n<p>Recuerda que todos estos aromas tambi\u00e9n est\u00e1n disponibles en <a href=\"https:\/\/esenssi.com\/fabrica\/ambientacion-granel\/spray\/\">ambientador en spray<\/a> y <a href=\"https:\/\/esenssi.com\/fabrica\/ambientacion-granel\/brumas\/\">brumas de ambiente<\/a> para nuestros <a href=\"https:\/\/esenssi.com\/etiqueta-producto\/brumizadores\/\">brumizadores<\/a>.<\/p>\n<p>Aprov\u00e9chate de un precio especial de lanzamiento en los <a href=\"https:\/\/esenssi.com\/producto\/pack-apertura-nature\/\">packs<\/a> de la l\u00ednea de <a href=\"https:\/\/esenssi.com\/fabrica\/ambientacion-granel\/\">ambientaci\u00f3n Nature<\/a>.<\/p>\n","protected":false},"excerpt":{"rendered":"<p>NEUTRALIZADORES DE OLOR Una de las formas m\u00e1s efectivas de crear un espacio limpio y perfumado es primero neutralizando o eliminando los malos olores. Presenta una l\u00ednea de ambientaci\u00f3n especialmente formulada para neutralizar malos olores actuando directamente sobre las bacterias y organismos que los generan elimin\u00e1ndolos de forma permanente, adem\u00e1s, estad f\u00f3rmula consigue prevenir el [&hellip;]<\/p>\n","protected":false},"featured_media":205461,"comment_status":"closed","ping_status":"closed","template":"","meta":{"content-type":"","_joinchat":[]},"product_cat":[1007,1221],"product_tag":[1062,1239],"class_list":{"0":"post-144933","1":"product","2":"type-product","3":"status-publish","4":"has-post-thumbnail","6":"product_cat-ambientacion-granel","7":"product_cat-mikado","8":"product_tag-ambientador-mikado","9":"product_tag-nature","11":"first","12":"instock","13":"taxable","14":"shipping-taxable","15":"product-type-variable"},"yoast_head":"<!-- This site is optimized with the Yoast SEO plugin v23.3 - https:\/\/yoast.com\/wordpress\/plugins\/seo\/ -->\n<title>Ambientador Mikado Nature - Esenssi - Tienda Online<\/title>\n<meta name=\"robots\" content=\"noindex, nofollow\" \/>\n<meta property=\"og:locale\" content=\"es_ES\" \/>\n<meta property=\"og:type\" content=\"article\" \/>\n<meta property=\"og:title\" content=\"Ambientador Mikado Nature - Esenssi - Tienda Online\" \/>\n<meta property=\"og:description\" content=\"NEUTRALIZADORES DE OLOR Una de las formas m\u00e1s efectivas de crear un espacio limpio y perfumado es primero neutralizando o eliminando los malos olores. Presenta una l\u00ednea de ambientaci\u00f3n especialmente formulada para neutralizar malos olores actuando directamente sobre las bacterias y organismos que los generan elimin\u00e1ndolos de forma permanente, adem\u00e1s, estad f\u00f3rmula consigue prevenir el [&hellip;]\" \/>\n<meta property=\"og:url\" content=\"https:\/\/esenssi.com\/fabrica\/producto\/ambientador-mikado-nature\/\" \/>\n<meta property=\"og:site_name\" content=\"Esenssi - Tienda Online\" \/>\n<meta property=\"article:modified_time\" content=\"2025-12-10T17:37:45+00:00\" \/>\n<meta property=\"og:image\" content=\"https:\/\/esenssi.com\/fabrica\/wp-content\/uploads\/2021\/09\/Mikado_Nature_Dorado.png\" \/>\n\t<meta property=\"og:image:width\" content=\"779\" \/>\n\t<meta property=\"og:image:height\" content=\"1000\" \/>\n\t<meta property=\"og:image:type\" content=\"image\/png\" \/>\n<meta name=\"twitter:card\" content=\"summary_large_image\" \/>\n<script type=\"application\/ld+json\" class=\"yoast-schema-graph\">{\"@context\":\"https:\/\/schema.org\",\"@graph\":[{\"@type\":\"WebPage\",\"@id\":\"https:\/\/esenssi.com\/fabrica\/producto\/ambientador-mikado-nature\/\",\"url\":\"https:\/\/esenssi.com\/fabrica\/producto\/ambientador-mikado-nature\/\",\"name\":\"Ambientador Mikado Nature - Esenssi - Tienda Online\",\"isPartOf\":{\"@id\":\"https:\/\/esenssi.com\/fabrica\/#website\"},\"primaryImageOfPage\":{\"@id\":\"https:\/\/esenssi.com\/fabrica\/producto\/ambientador-mikado-nature\/#primaryimage\"},\"image\":{\"@id\":\"https:\/\/esenssi.com\/fabrica\/producto\/ambientador-mikado-nature\/#primaryimage\"},\"thumbnailUrl\":\"https:\/\/esenssi.com\/fabrica\/wp-content\/uploads\/2021\/09\/Mikado_Nature_Dorado.png\",\"datePublished\":\"2021-09-28T22:16:27+00:00\",\"dateModified\":\"2025-12-10T17:37:45+00:00\",\"breadcrumb\":{\"@id\":\"https:\/\/esenssi.com\/fabrica\/producto\/ambientador-mikado-nature\/#breadcrumb\"},\"inLanguage\":\"es\",\"potentialAction\":[{\"@type\":\"ReadAction\",\"target\":[\"https:\/\/esenssi.com\/fabrica\/producto\/ambientador-mikado-nature\/\"]}]},{\"@type\":\"ImageObject\",\"inLanguage\":\"es\",\"@id\":\"https:\/\/esenssi.com\/fabrica\/producto\/ambientador-mikado-nature\/#primaryimage\",\"url\":\"https:\/\/esenssi.com\/fabrica\/wp-content\/uploads\/2021\/09\/Mikado_Nature_Dorado.png\",\"contentUrl\":\"https:\/\/esenssi.com\/fabrica\/wp-content\/uploads\/2021\/09\/Mikado_Nature_Dorado.png\",\"width\":779,\"height\":1000},{\"@type\":\"BreadcrumbList\",\"@id\":\"https:\/\/esenssi.com\/fabrica\/producto\/ambientador-mikado-nature\/#breadcrumb\",\"itemListElement\":[{\"@type\":\"ListItem\",\"position\":1,\"name\":\"F\u00e1brica\",\"item\":\"https:\/\/esenssi.com\/fabrica\/\"},{\"@type\":\"ListItem\",\"position\":2,\"name\":\"Tienda\",\"item\":\"https:\/\/esenssi.com\/fabrica\/tienda\/\"},{\"@type\":\"ListItem\",\"position\":3,\"name\":\"Ambientador Mikado Nature\"}]},{\"@type\":\"WebSite\",\"@id\":\"https:\/\/esenssi.com\/fabrica\/#website\",\"url\":\"https:\/\/esenssi.com\/fabrica\/\",\"name\":\"Esenssi - Tienda Online\",\"description\":\"Fabricante de perfumes\",\"publisher\":{\"@id\":\"https:\/\/esenssi.com\/fabrica\/#organization\"},\"alternateName\":\"Esenssi - Tienda Online\",\"potentialAction\":[{\"@type\":\"SearchAction\",\"target\":{\"@type\":\"EntryPoint\",\"urlTemplate\":\"https:\/\/esenssi.com\/fabrica\/?s={search_term_string}\"},\"query-input\":\"required name=search_term_string\"}],\"inLanguage\":\"es\"},{\"@type\":\"Organization\",\"@id\":\"https:\/\/esenssi.com\/fabrica\/#organization\",\"name\":\"Mayoristas de perfumer\u00eda\",\"url\":\"https:\/\/esenssi.com\/fabrica\/\",\"logo\":{\"@type\":\"ImageObject\",\"inLanguage\":\"es\",\"@id\":\"https:\/\/esenssi.com\/fabrica\/#\/schema\/logo\/image\/\",\"url\":\"https:\/\/esenssi.com\/fabrica\/wp-content\/uploads\/2021\/08\/Logotipo_Esenssi_Web.png\",\"contentUrl\":\"https:\/\/esenssi.com\/fabrica\/wp-content\/uploads\/2021\/08\/Logotipo_Esenssi_Web.png\",\"width\":295,\"height\":64,\"caption\":\"Mayoristas de perfumer\u00eda\"},\"image\":{\"@id\":\"https:\/\/esenssi.com\/fabrica\/#\/schema\/logo\/image\/\"}}]}<\/script>\n<!-- \/ Yoast SEO plugin. -->","yoast_head_json":{"title":"Ambientador Mikado Nature - Esenssi - Tienda Online","robots":{"index":"noindex","follow":"nofollow"},"og_locale":"es_ES","og_type":"article","og_title":"Ambientador Mikado Nature - Esenssi - Tienda Online","og_description":"NEUTRALIZADORES DE OLOR Una de las formas m\u00e1s efectivas de crear un espacio limpio y perfumado es primero neutralizando o eliminando los malos olores. Presenta una l\u00ednea de ambientaci\u00f3n especialmente formulada para neutralizar malos olores actuando directamente sobre las bacterias y organismos que los generan elimin\u00e1ndolos de forma permanente, adem\u00e1s, estad f\u00f3rmula consigue prevenir el [&hellip;]","og_url":"https:\/\/esenssi.com\/fabrica\/producto\/ambientador-mikado-nature\/","og_site_name":"Esenssi - Tienda Online","article_modified_time":"2025-12-10T17:37:45+00:00","og_image":[{"width":779,"height":1000,"url":"https:\/\/esenssi.com\/fabrica\/wp-content\/uploads\/2021\/09\/Mikado_Nature_Dorado.png","type":"image\/png"}],"twitter_card":"summary_large_image","schema":{"@context":"https:\/\/schema.org","@graph":[{"@type":"WebPage","@id":"https:\/\/esenssi.com\/fabrica\/producto\/ambientador-mikado-nature\/","url":"https:\/\/esenssi.com\/fabrica\/producto\/ambientador-mikado-nature\/","name":"Ambientador Mikado Nature - Esenssi - Tienda Online","isPartOf":{"@id":"https:\/\/esenssi.com\/fabrica\/#website"},"primaryImageOfPage":{"@id":"https:\/\/esenssi.com\/fabrica\/producto\/ambientador-mikado-nature\/#primaryimage"},"image":{"@id":"https:\/\/esenssi.com\/fabrica\/producto\/ambientador-mikado-nature\/#primaryimage"},"thumbnailUrl":"https:\/\/esenssi.com\/fabrica\/wp-content\/uploads\/2021\/09\/Mikado_Nature_Dorado.png","datePublished":"2021-09-28T22:16:27+00:00","dateModified":"2025-12-10T17:37:45+00:00","breadcrumb":{"@id":"https:\/\/esenssi.com\/fabrica\/producto\/ambientador-mikado-nature\/#breadcrumb"},"inLanguage":"es","potentialAction":[{"@type":"ReadAction","target":["https:\/\/esenssi.com\/fabrica\/producto\/ambientador-mikado-nature\/"]}]},{"@type":"ImageObject","inLanguage":"es","@id":"https:\/\/esenssi.com\/fabrica\/producto\/ambientador-mikado-nature\/#primaryimage","url":"https:\/\/esenssi.com\/fabrica\/wp-content\/uploads\/2021\/09\/Mikado_Nature_Dorado.png","contentUrl":"https:\/\/esenssi.com\/fabrica\/wp-content\/uploads\/2021\/09\/Mikado_Nature_Dorado.png","width":779,"height":1000},{"@type":"BreadcrumbList","@id":"https:\/\/esenssi.com\/fabrica\/producto\/ambientador-mikado-nature\/#breadcrumb","itemListElement":[{"@type":"ListItem","position":1,"name":"F\u00e1brica","item":"https:\/\/esenssi.com\/fabrica\/"},{"@type":"ListItem","position":2,"name":"Tienda","item":"https:\/\/esenssi.com\/fabrica\/tienda\/"},{"@type":"ListItem","position":3,"name":"Ambientador Mikado Nature"}]},{"@type":"WebSite","@id":"https:\/\/esenssi.com\/fabrica\/#website","url":"https:\/\/esenssi.com\/fabrica\/","name":"Esenssi - Tienda Online","description":"Fabricante de perfumes","publisher":{"@id":"https:\/\/esenssi.com\/fabrica\/#organization"},"alternateName":"Esenssi - Tienda Online","potentialAction":[{"@type":"SearchAction","target":{"@type":"EntryPoint","urlTemplate":"https:\/\/esenssi.com\/fabrica\/?s={search_term_string}"},"query-input":"required name=search_term_string"}],"inLanguage":"es"},{"@type":"Organization","@id":"https:\/\/esenssi.com\/fabrica\/#organization","name":"Mayoristas de perfumer\u00eda","url":"https:\/\/esenssi.com\/fabrica\/","logo":{"@type":"ImageObject","inLanguage":"es","@id":"https:\/\/esenssi.com\/fabrica\/#\/schema\/logo\/image\/","url":"https:\/\/esenssi.com\/fabrica\/wp-content\/uploads\/2021\/08\/Logotipo_Esenssi_Web.png","contentUrl":"https:\/\/esenssi.com\/fabrica\/wp-content\/uploads\/2021\/08\/Logotipo_Esenssi_Web.png","width":295,"height":64,"caption":"Mayoristas de perfumer\u00eda"},"image":{"@id":"https:\/\/esenssi.com\/fabrica\/#\/schema\/logo\/image\/"}}]}},"_links":{"self":[{"href":"https:\/\/esenssi.com\/fabrica\/wp-json\/wp\/v2\/product\/144933"}],"collection":[{"href":"https:\/\/esenssi.com\/fabrica\/wp-json\/wp\/v2\/product"}],"about":[{"href":"https:\/\/esenssi.com\/fabrica\/wp-json\/wp\/v2\/types\/product"}],"replies":[{"embeddable":true,"href":"https:\/\/esenssi.com\/fabrica\/wp-json\/wp\/v2\/comments?post=144933"}],"wp:featuredmedia":[{"embeddable":true,"href":"https:\/\/esenssi.com\/fabrica\/wp-json\/wp\/v2\/media\/205461"}],"wp:attachment":[{"href":"https:\/\/esenssi.com\/fabrica\/wp-json\/wp\/v2\/media?parent=144933"}],"wp:term":[{"taxonomy":"product_cat","embeddable":true,"href":"https:\/\/esenssi.com\/fabrica\/wp-json\/wp\/v2\/product_cat?post=144933"},{"taxonomy":"product_tag","embeddable":true,"href":"https:\/\/esenssi.com\/fabrica\/wp-json\/wp\/v2\/product_tag?post=144933"}],"curies":[{"name":"wp","href":"https:\/\/api.w.org\/{rel}","templated":true}]}}