{"id":151592,"date":"2021-10-15T12:36:13","date_gmt":"2021-10-15T10:36:13","guid":{"rendered":"https:\/\/esenssi.com\/fabrica\/?post_type=product&#038;p=151592"},"modified":"2025-08-07T11:01:33","modified_gmt":"2025-08-07T09:01:33","slug":"or21-wood","status":"publish","type":"product","link":"https:\/\/esenssi.com\/fabrica\/producto\/or21-wood\/","title":{"rendered":"OR21 \/ WOOD"},"content":{"rendered":"<p>La conexi\u00f3n arom\u00e1tica con lo natural. Los <strong>perfumes org\u00e1nicos<\/strong>\u00a0se componen de\u00a0<strong>ingredientes de origen vegetal<\/strong> que se cultivan sin la intervenci\u00f3n de productos qu\u00edmicos. Su producci\u00f3n se basa en la agricultura ecol\u00f3gica. No admiten pruebas en animales, no contienen ningun derivado como el petr\u00f3leo o vaselinas. Se utilizan alcohol y esencias totalmente org\u00e1nicas, y con una pureza tan alta que las mismas otorgan la duraci\u00f3n ideal a la fragancia.<\/p>\n<p>Los\u00a0<strong>perfumes org\u00e1nicos<\/strong>\u00a0producen una sensaci\u00f3n de calma que solo un\u00a0<strong>componente natural<\/strong>\u00a0puede otorgar. Desde los que celebran la naturaleza floral, hasta la alegr\u00eda que producen los aromas frutales, pasando por las esencias dulces, la intensidad de las especias y la calidez de las maderas.<\/p>\n","protected":false},"excerpt":{"rendered":"<p>Perfume org\u00e1nico con esencias naturales. Vegano 100%.<\/p>\n<p>Las notas principales de esta fragancia natural son amaderadas.<\/p>\n<p>Se combina el cedro con el aroma intenso y terrenal del musgo. Intensa y duradera.<\/p>\n<p>Para personalidades terrenales.<\/p>\n","protected":false},"featured_media":151597,"comment_status":"open","ping_status":"closed","template":"","meta":{"content-type":"","_joinchat":[]},"product_cat":[1574],"product_tag":[],"class_list":{"0":"post-151592","1":"product","2":"type-product","3":"status-publish","4":"has-post-thumbnail","6":"product_cat-organicos","8":"first","9":"instock","10":"taxable","11":"shipping-taxable","12":"product-type-variable"},"yoast_head":"<!-- This site is optimized with the Yoast SEO plugin v23.3 - https:\/\/yoast.com\/wordpress\/plugins\/seo\/ -->\n<title>OR21 \/ WOOD - Esenssi - Tienda Online<\/title>\n<meta name=\"robots\" content=\"noindex, nofollow\" \/>\n<meta property=\"og:locale\" content=\"es_ES\" \/>\n<meta property=\"og:type\" content=\"article\" \/>\n<meta property=\"og:title\" content=\"OR21 \/ WOOD - Esenssi - Tienda Online\" \/>\n<meta property=\"og:description\" content=\"Perfume org\u00e1nico con esencias naturales. Vegano 100%.  Las notas principales de esta fragancia natural son amaderadas.  Se combina el cedro con el aroma intenso y terrenal del musgo. Intensa y duradera.  Para personalidades terrenales.\" \/>\n<meta property=\"og:url\" content=\"https:\/\/esenssi.com\/fabrica\/producto\/or21-wood\/\" \/>\n<meta property=\"og:site_name\" content=\"Esenssi - Tienda Online\" \/>\n<meta property=\"article:modified_time\" content=\"2025-08-07T09:01:33+00:00\" \/>\n<meta property=\"og:image\" content=\"https:\/\/esenssi.com\/fabrica\/wp-content\/uploads\/2021\/10\/Wood.jpg\" \/>\n\t<meta property=\"og:image:width\" content=\"800\" \/>\n\t<meta property=\"og:image:height\" content=\"800\" \/>\n\t<meta property=\"og:image:type\" content=\"image\/jpeg\" \/>\n<meta name=\"twitter:card\" content=\"summary_large_image\" \/>\n<script type=\"application\/ld+json\" class=\"yoast-schema-graph\">{\"@context\":\"https:\/\/schema.org\",\"@graph\":[{\"@type\":\"WebPage\",\"@id\":\"https:\/\/esenssi.com\/fabrica\/producto\/or21-wood\/\",\"url\":\"https:\/\/esenssi.com\/fabrica\/producto\/or21-wood\/\",\"name\":\"OR21 \/ WOOD - Esenssi - Tienda Online\",\"isPartOf\":{\"@id\":\"https:\/\/esenssi.com\/fabrica\/#website\"},\"primaryImageOfPage\":{\"@id\":\"https:\/\/esenssi.com\/fabrica\/producto\/or21-wood\/#primaryimage\"},\"image\":{\"@id\":\"https:\/\/esenssi.com\/fabrica\/producto\/or21-wood\/#primaryimage\"},\"thumbnailUrl\":\"https:\/\/esenssi.com\/fabrica\/wp-content\/uploads\/2021\/10\/Wood.jpg\",\"datePublished\":\"2021-10-15T10:36:13+00:00\",\"dateModified\":\"2025-08-07T09:01:33+00:00\",\"breadcrumb\":{\"@id\":\"https:\/\/esenssi.com\/fabrica\/producto\/or21-wood\/#breadcrumb\"},\"inLanguage\":\"es\",\"potentialAction\":[{\"@type\":\"ReadAction\",\"target\":[\"https:\/\/esenssi.com\/fabrica\/producto\/or21-wood\/\"]}]},{\"@type\":\"ImageObject\",\"inLanguage\":\"es\",\"@id\":\"https:\/\/esenssi.com\/fabrica\/producto\/or21-wood\/#primaryimage\",\"url\":\"https:\/\/esenssi.com\/fabrica\/wp-content\/uploads\/2021\/10\/Wood.jpg\",\"contentUrl\":\"https:\/\/esenssi.com\/fabrica\/wp-content\/uploads\/2021\/10\/Wood.jpg\",\"width\":800,\"height\":800},{\"@type\":\"BreadcrumbList\",\"@id\":\"https:\/\/esenssi.com\/fabrica\/producto\/or21-wood\/#breadcrumb\",\"itemListElement\":[{\"@type\":\"ListItem\",\"position\":1,\"name\":\"F\u00e1brica\",\"item\":\"https:\/\/esenssi.com\/fabrica\/\"},{\"@type\":\"ListItem\",\"position\":2,\"name\":\"Tienda\",\"item\":\"https:\/\/esenssi.com\/fabrica\/tienda\/\"},{\"@type\":\"ListItem\",\"position\":3,\"name\":\"OR21 \/ WOOD\"}]},{\"@type\":\"WebSite\",\"@id\":\"https:\/\/esenssi.com\/fabrica\/#website\",\"url\":\"https:\/\/esenssi.com\/fabrica\/\",\"name\":\"Esenssi - Tienda Online\",\"description\":\"Fabricante de perfumes\",\"publisher\":{\"@id\":\"https:\/\/esenssi.com\/fabrica\/#organization\"},\"alternateName\":\"Esenssi - Tienda Online\",\"potentialAction\":[{\"@type\":\"SearchAction\",\"target\":{\"@type\":\"EntryPoint\",\"urlTemplate\":\"https:\/\/esenssi.com\/fabrica\/?s={search_term_string}\"},\"query-input\":\"required name=search_term_string\"}],\"inLanguage\":\"es\"},{\"@type\":\"Organization\",\"@id\":\"https:\/\/esenssi.com\/fabrica\/#organization\",\"name\":\"Mayoristas de perfumer\u00eda\",\"url\":\"https:\/\/esenssi.com\/fabrica\/\",\"logo\":{\"@type\":\"ImageObject\",\"inLanguage\":\"es\",\"@id\":\"https:\/\/esenssi.com\/fabrica\/#\/schema\/logo\/image\/\",\"url\":\"https:\/\/esenssi.com\/fabrica\/wp-content\/uploads\/2021\/08\/Logotipo_Esenssi_Web.png\",\"contentUrl\":\"https:\/\/esenssi.com\/fabrica\/wp-content\/uploads\/2021\/08\/Logotipo_Esenssi_Web.png\",\"width\":295,\"height\":64,\"caption\":\"Mayoristas de perfumer\u00eda\"},\"image\":{\"@id\":\"https:\/\/esenssi.com\/fabrica\/#\/schema\/logo\/image\/\"}}]}<\/script>\n<!-- \/ Yoast SEO plugin. -->","yoast_head_json":{"title":"OR21 \/ WOOD - Esenssi - Tienda Online","robots":{"index":"noindex","follow":"nofollow"},"og_locale":"es_ES","og_type":"article","og_title":"OR21 \/ WOOD - Esenssi - Tienda Online","og_description":"Perfume org\u00e1nico con esencias naturales. Vegano 100%.  Las notas principales de esta fragancia natural son amaderadas.  Se combina el cedro con el aroma intenso y terrenal del musgo. Intensa y duradera.  Para personalidades terrenales.","og_url":"https:\/\/esenssi.com\/fabrica\/producto\/or21-wood\/","og_site_name":"Esenssi - Tienda Online","article_modified_time":"2025-08-07T09:01:33+00:00","og_image":[{"width":800,"height":800,"url":"https:\/\/esenssi.com\/fabrica\/wp-content\/uploads\/2021\/10\/Wood.jpg","type":"image\/jpeg"}],"twitter_card":"summary_large_image","schema":{"@context":"https:\/\/schema.org","@graph":[{"@type":"WebPage","@id":"https:\/\/esenssi.com\/fabrica\/producto\/or21-wood\/","url":"https:\/\/esenssi.com\/fabrica\/producto\/or21-wood\/","name":"OR21 \/ WOOD - Esenssi - Tienda Online","isPartOf":{"@id":"https:\/\/esenssi.com\/fabrica\/#website"},"primaryImageOfPage":{"@id":"https:\/\/esenssi.com\/fabrica\/producto\/or21-wood\/#primaryimage"},"image":{"@id":"https:\/\/esenssi.com\/fabrica\/producto\/or21-wood\/#primaryimage"},"thumbnailUrl":"https:\/\/esenssi.com\/fabrica\/wp-content\/uploads\/2021\/10\/Wood.jpg","datePublished":"2021-10-15T10:36:13+00:00","dateModified":"2025-08-07T09:01:33+00:00","breadcrumb":{"@id":"https:\/\/esenssi.com\/fabrica\/producto\/or21-wood\/#breadcrumb"},"inLanguage":"es","potentialAction":[{"@type":"ReadAction","target":["https:\/\/esenssi.com\/fabrica\/producto\/or21-wood\/"]}]},{"@type":"ImageObject","inLanguage":"es","@id":"https:\/\/esenssi.com\/fabrica\/producto\/or21-wood\/#primaryimage","url":"https:\/\/esenssi.com\/fabrica\/wp-content\/uploads\/2021\/10\/Wood.jpg","contentUrl":"https:\/\/esenssi.com\/fabrica\/wp-content\/uploads\/2021\/10\/Wood.jpg","width":800,"height":800},{"@type":"BreadcrumbList","@id":"https:\/\/esenssi.com\/fabrica\/producto\/or21-wood\/#breadcrumb","itemListElement":[{"@type":"ListItem","position":1,"name":"F\u00e1brica","item":"https:\/\/esenssi.com\/fabrica\/"},{"@type":"ListItem","position":2,"name":"Tienda","item":"https:\/\/esenssi.com\/fabrica\/tienda\/"},{"@type":"ListItem","position":3,"name":"OR21 \/ WOOD"}]},{"@type":"WebSite","@id":"https:\/\/esenssi.com\/fabrica\/#website","url":"https:\/\/esenssi.com\/fabrica\/","name":"Esenssi - Tienda Online","description":"Fabricante de perfumes","publisher":{"@id":"https:\/\/esenssi.com\/fabrica\/#organization"},"alternateName":"Esenssi - Tienda Online","potentialAction":[{"@type":"SearchAction","target":{"@type":"EntryPoint","urlTemplate":"https:\/\/esenssi.com\/fabrica\/?s={search_term_string}"},"query-input":"required name=search_term_string"}],"inLanguage":"es"},{"@type":"Organization","@id":"https:\/\/esenssi.com\/fabrica\/#organization","name":"Mayoristas de perfumer\u00eda","url":"https:\/\/esenssi.com\/fabrica\/","logo":{"@type":"ImageObject","inLanguage":"es","@id":"https:\/\/esenssi.com\/fabrica\/#\/schema\/logo\/image\/","url":"https:\/\/esenssi.com\/fabrica\/wp-content\/uploads\/2021\/08\/Logotipo_Esenssi_Web.png","contentUrl":"https:\/\/esenssi.com\/fabrica\/wp-content\/uploads\/2021\/08\/Logotipo_Esenssi_Web.png","width":295,"height":64,"caption":"Mayoristas de perfumer\u00eda"},"image":{"@id":"https:\/\/esenssi.com\/fabrica\/#\/schema\/logo\/image\/"}}]}},"_links":{"self":[{"href":"https:\/\/esenssi.com\/fabrica\/wp-json\/wp\/v2\/product\/151592"}],"collection":[{"href":"https:\/\/esenssi.com\/fabrica\/wp-json\/wp\/v2\/product"}],"about":[{"href":"https:\/\/esenssi.com\/fabrica\/wp-json\/wp\/v2\/types\/product"}],"replies":[{"embeddable":true,"href":"https:\/\/esenssi.com\/fabrica\/wp-json\/wp\/v2\/comments?post=151592"}],"wp:featuredmedia":[{"embeddable":true,"href":"https:\/\/esenssi.com\/fabrica\/wp-json\/wp\/v2\/media\/151597"}],"wp:attachment":[{"href":"https:\/\/esenssi.com\/fabrica\/wp-json\/wp\/v2\/media?parent=151592"}],"wp:term":[{"taxonomy":"product_cat","embeddable":true,"href":"https:\/\/esenssi.com\/fabrica\/wp-json\/wp\/v2\/product_cat?post=151592"},{"taxonomy":"product_tag","embeddable":true,"href":"https:\/\/esenssi.com\/fabrica\/wp-json\/wp\/v2\/product_tag?post=151592"}],"curies":[{"name":"wp","href":"https:\/\/api.w.org\/{rel}","templated":true}]}}