{"id":41988,"date":"2018-05-10T09:03:40","date_gmt":"2018-05-10T09:03:40","guid":{"rendered":"https:\/\/esenssi.com\/fabrica\/producto\/pack-apertura-niss\/"},"modified":"2025-09-20T16:19:46","modified_gmt":"2025-09-20T14:19:46","slug":"pack-apertura-niss","status":"publish","type":"product","link":"https:\/\/esenssi.com\/fabrica\/producto\/pack-apertura-niss\/","title":{"rendered":"Pack Apertura Nicho"},"content":{"rendered":"<table width=\"431\">\n<tbody>\n<tr>\n<td rowspan=\"2\" width=\"351\">PACK APERTURA GRANEL &#8211; L\u00cdNEA NISS<\/td>\n<td width=\"80\"><\/td>\n<\/tr>\n<tr>\n<td>UNIDADES<\/td>\n<\/tr>\n<tr>\n<td>PERFUME NISS 1 L<\/td>\n<td>25<\/td>\n<\/tr>\n<tr>\n<td>\u00c1NFORAS DE PERFUME 2 L CON GRIFO Y TAP\u00d3N<\/td>\n<td>25<\/td>\n<\/tr>\n<tr>\n<td>ETIQUETA DESCRIPTIVA PERFUME CON CORD\u00d3N<\/td>\n<td>25<\/td>\n<\/tr>\n<tr>\n<td>AMBIENTADOR MIKADO NISS 1 L<\/td>\n<td>3<\/td>\n<\/tr>\n<tr>\n<td>FRASCA 1 L CRISTAL CON GRIFO Y TAP\u00d3N<\/td>\n<td>3<\/td>\n<\/tr>\n<tr>\n<td>ETIQUETA DESCRIPTIVA MIKADO<\/td>\n<td>3<\/td>\n<\/tr>\n<tr>\n<td>AMBIENTADOR EN SPRAY NISS 1 L<\/td>\n<td>3<\/td>\n<\/tr>\n<tr>\n<td>FRASCA 1 L CRISTAL CON GRIFO Y TAP\u00d3N<\/td>\n<td>3<\/td>\n<\/tr>\n<tr>\n<td>ETIQUETA DESCRIPTIVA AMBISPRAY<\/td>\n<td>3<\/td>\n<\/tr>\n<tr>\n<td>PERFUMERO GRAFAR 100 ML<\/td>\n<td>100<\/td>\n<\/tr>\n<tr>\n<td>PERFUMERO GRAFAR 50 ML<\/td>\n<td>75<\/td>\n<\/tr>\n<tr>\n<td>V\u00c1LVULAS AUTOGRAFADO<\/td>\n<td>175<\/td>\n<\/tr>\n<tr>\n<td>TAP\u00d3N SURLYN<\/td>\n<td>75<\/td>\n<\/tr>\n<tr>\n<td>TAP\u00d3N CUBE<\/td>\n<td>75<\/td>\n<\/tr>\n<tr>\n<td>TAP\u00d3N BASIC<\/td>\n<td>25<\/td>\n<\/tr>\n<tr>\n<td>PEGATINAS NISS PERFUMEROS<\/td>\n<td>175<\/td>\n<\/tr>\n<tr>\n<td>FRASCAS MIKADO 100 ML<\/td>\n<td>20<\/td>\n<\/tr>\n<tr>\n<td>ETIQUETAS EST\u00c1NDAR DISE\u00d1O NISS FRASCAS MIKADO<\/td>\n<td>20<\/td>\n<\/tr>\n<tr>\n<td>VIALES 5 ML SIN SERIGRAFIA<\/td>\n<td>20<\/td>\n<\/tr>\n<tr>\n<td>TIRAS SECANTES 1.000 UNID.<\/td>\n<td>1<\/td>\n<\/tr>\n<tr>\n<td>VARITAS MIKADO NEGRAS 50 UNID.<\/td>\n<td>1<\/td>\n<\/tr>\n<tr>\n<td>CREMA CORPORAL 1 L AROMAS NISS<\/td>\n<td>1<\/td>\n<\/tr>\n<tr>\n<td>ACEITE CORPORAL 1 L AROMAS NISS<\/td>\n<td>1<\/td>\n<\/tr>\n<tr>\n<td>BODY MIST NISS 1 L AROMAS NISS<\/td>\n<td>1<\/td>\n<\/tr>\n<tr>\n<td>DESODORANTE PERFUMADO 1 L AROMAS NISS<\/td>\n<td>1<\/td>\n<\/tr>\n<tr>\n<td>HIGIENIZANTE PERFUMADO 1 L AROMAS NISS<\/td>\n<td>1<\/td>\n<\/tr>\n<tr>\n<td>BOTE PET BLANCO 200 ML 24\/410<\/td>\n<td>15<\/td>\n<\/tr>\n<tr>\n<td>BOTE PET BLANCO 100 ML 24\/410<\/td>\n<td>10<\/td>\n<\/tr>\n<tr>\n<td>BOTE PET TRANSPARENTE 200 ML 24\/410<\/td>\n<td>10<\/td>\n<\/tr>\n<tr>\n<td>V\u00c1LVULA DOSIFICADOR PLATA\/NEGRO 24\/410<\/td>\n<td>10<\/td>\n<\/tr>\n<tr>\n<td>V\u00c1LVULA SPRAY PLATA NEGRO 24\/410<\/td>\n<td>5<\/td>\n<\/tr>\n<tr>\n<td>V\u00c1LVULA SPRAY PLATA 24\/410<\/td>\n<td>5<\/td>\n<\/tr>\n<tr>\n<td>V\u00c1LVULA PISTOLA PARA AMBIENTACI\u00d3N BOCA 24\/410<\/td>\n<td>10<\/td>\n<\/tr>\n<tr>\n<td>TAP\u00d3N ALUMINIO CON OBTURADOR 24\/410<\/td>\n<td>5<\/td>\n<\/tr>\n<tr>\n<td>BRUMAS DE AMBIENTE 20 ML AROMA NISS<\/td>\n<td>12<\/td>\n<\/tr>\n<tr>\n<td>BRUMIZADOR BLANCO 300 ML<\/td>\n<td>2<\/td>\n<\/tr>\n<tr>\n<td><\/td>\n<td><\/td>\n<\/tr>\n<tr>\n<td>* Portes no incluidos &#8211; consultar<\/td>\n<td><\/td>\n<\/tr>\n<\/tbody>\n<\/table>\n<p>&nbsp;<\/p>\n<table width=\"462\">\n<tbody>\n<tr>\n<td width=\"390\">ENVASADO<\/td>\n<td width=\"72\"><\/td>\n<\/tr>\n<tr>\n<td>PACK APERTURA TIENDA<\/td>\n<td>UNIDADES<\/td>\n<\/tr>\n<tr>\n<td width=\"390\">PERFUME NISS EN 100 ML\u00a0 &#8211; PERFUMERO GRAFADO<\/td>\n<td>75<\/td>\n<\/tr>\n<tr>\n<td width=\"390\">PERFUME NISS EN 50 ML\u00a0 &#8211; PERFUMERO GRAFADO<\/td>\n<td>50<\/td>\n<\/tr>\n<tr>\n<td>AMBIENTADOR MIKADO AROMA NISS 100 ML<\/td>\n<td>9<\/td>\n<\/tr>\n<tr>\n<td>AMBIENTADOR EN SPRAY NISS 200 ML CON PISTOLA<\/td>\n<td>6<\/td>\n<\/tr>\n<tr>\n<td>VIALES 5 ML CON MUESTRAS PERFUMES<\/td>\n<td>24<\/td>\n<\/tr>\n<tr>\n<td>TIRAS SECANTES 1.000 UNID.<\/td>\n<td>1<\/td>\n<\/tr>\n<tr>\n<td>CREMA CORPORAL 200 ML AROMA NISS CON DOSIFICADOR<\/td>\n<td>4<\/td>\n<\/tr>\n<tr>\n<td>ACEITE CORPORAL 200 ML AROMA NISS CON SPRAY<\/td>\n<td>4<\/td>\n<\/tr>\n<tr>\n<td>BODY\u00a0 MIST 200 ML AROMA NISS CON SPRAY<\/td>\n<td>4<\/td>\n<\/tr>\n<tr>\n<td>HIGIENIZANTE PERFUMADO 100 ML AROMA NISS CON SPRAY<\/td>\n<td>4<\/td>\n<\/tr>\n<tr>\n<td>DESODORANTE PERFUMADO 100 ML AROMA NISS CON SPRAY<\/td>\n<td>4<\/td>\n<\/tr>\n<tr>\n<td>BRUMAS DE AMBIENTE 20 ML AROMA NISS<\/td>\n<td>12<\/td>\n<\/tr>\n<tr>\n<td>BRUMIZADOR BLANCO 300 ML<\/td>\n<td>2<\/td>\n<\/tr>\n<tr>\n<td><\/td>\n<td><\/td>\n<\/tr>\n<tr>\n<td>* Portes no incluidos &#8211; consultar<\/td>\n<td><\/td>\n<\/tr>\n<\/tbody>\n<\/table>\n<p>&nbsp;<\/p>\n<p>&nbsp;<\/p>\n<p>Si quieres que tu negocio sea algo diferente para un p\u00fablico m\u00e1s especial esta ser\u00e1 tu l\u00ednea.<\/p>\n<p>Perfumes y ambientadores con una alta concentraci\u00f3n de esencia, composiciones originales y sorprendentes de una gran intensidad y duraci\u00f3n se juntan en este pack de apertura, todo ello en los elegantes y llamativos envases donde se mezclan los colores con el plata y el oro.<\/p>\n<p>Todo ello te permitir\u00e1 vender estos productos con un precio m\u00e1s elevado y un alto margen de beneficio.<\/p>\n<p>Encuentra todos los productos de esta l\u00ednea sueltos para reponer tu stock seg\u00fan vayas vendi\u00e9ndolos. Tambi\u00e9n en packs especiales a un precio m\u00e1s bajo si son productos que vendes mucho o por unidades si salen m\u00e1s despacio.<\/p>\n<p>Y todos los \u00fatiles de venta necesarios para que descubras el \u00e9xito de esta especial l\u00ednea Niss.<\/p>\n<p>Este pack de apertura incluye etiquetado Esenssi. Para personalizar con su imagen, consultar precios y cantidades m\u00ednimas.<\/p>\n","protected":false},"excerpt":{"rendered":"<p>El objetivo de la perfumer\u00eda de marca blanca es hacer m\u00e1s accesibles a todo el p\u00fablico los grandes aromas. Acercar a todo el mundo la perfumer\u00eda de calidad a bajo precio. Esta l\u00ednea da un paso m\u00e1s all\u00e1. Los perfumes Niche (Niss) son una parte de la perfumer\u00eda de edici\u00f3n muy limitada y exclusiva. Aromas que no es f\u00e1cil encontrar en dos personas a la vez debido a su especial f\u00f3rmula y a su elevado precio.<\/p>\n<p>Esta l\u00ednea re\u00fane productos de aromas exclusivos en una edici\u00f3n limitada, con un envasado especial y una imagen m\u00e1s lujosa,\u00a0 que podr\u00e1s ofrecer a un p\u00fablico m\u00e1s exigente que busca aromas que no se encuentren f\u00e1cilmente pero a un precio razonable.<\/p>\n","protected":false},"featured_media":69630,"comment_status":"open","ping_status":"closed","template":"","meta":{"content-type":"","_joinchat":[]},"product_cat":[1020,1331],"product_tag":[1283],"class_list":{"0":"post-41988","1":"product","2":"type-product","3":"status-publish","4":"has-post-thumbnail","6":"product_cat-packs-apertura","7":"product_cat-negocio-de-perfumeria","8":"product_tag-ofertas","10":"first","11":"instock","12":"taxable","13":"shipping-taxable","14":"product-type-variable"},"yoast_head":"<!-- This site is optimized with the Yoast SEO plugin v23.3 - https:\/\/yoast.com\/wordpress\/plugins\/seo\/ -->\n<title>Pack Apertura Nicho - Esenssi - Tienda Online<\/title>\n<meta name=\"robots\" content=\"noindex, nofollow\" \/>\n<meta property=\"og:locale\" content=\"es_ES\" \/>\n<meta property=\"og:type\" content=\"article\" \/>\n<meta property=\"og:title\" content=\"Pack Apertura Nicho - Esenssi - Tienda Online\" \/>\n<meta property=\"og:description\" content=\"El objetivo de la perfumer\u00eda de marca blanca es hacer m\u00e1s accesibles a todo el p\u00fablico los grandes aromas. Acercar a todo el mundo la perfumer\u00eda de calidad a bajo precio. Esta l\u00ednea da un paso m\u00e1s all\u00e1. Los perfumes Niche (Niss) son una parte de la perfumer\u00eda de edici\u00f3n muy limitada y exclusiva. Aromas que no es f\u00e1cil encontrar en dos personas a la vez debido a su especial f\u00f3rmula y a su elevado precio.  Esta l\u00ednea re\u00fane productos de aromas exclusivos en una edici\u00f3n limitada, con un envasado especial y una imagen m\u00e1s lujosa,\u00a0 que podr\u00e1s ofrecer a un p\u00fablico m\u00e1s exigente que busca aromas que no se encuentren f\u00e1cilmente pero a un precio razonable.\" \/>\n<meta property=\"og:url\" content=\"https:\/\/esenssi.com\/fabrica\/producto\/pack-apertura-niss\/\" \/>\n<meta property=\"og:site_name\" content=\"Esenssi - Tienda Online\" \/>\n<meta property=\"article:modified_time\" content=\"2025-09-20T14:19:46+00:00\" \/>\n<meta property=\"og:image\" content=\"https:\/\/esenssi.com\/fabrica\/wp-content\/uploads\/2018\/05\/APERTURA-NISS.jpg\" \/>\n\t<meta property=\"og:image:width\" content=\"2094\" \/>\n\t<meta property=\"og:image:height\" content=\"2094\" \/>\n\t<meta property=\"og:image:type\" content=\"image\/jpeg\" \/>\n<meta name=\"twitter:card\" content=\"summary_large_image\" \/>\n<script type=\"application\/ld+json\" class=\"yoast-schema-graph\">{\"@context\":\"https:\/\/schema.org\",\"@graph\":[{\"@type\":\"WebPage\",\"@id\":\"https:\/\/esenssi.com\/fabrica\/producto\/pack-apertura-niss\/\",\"url\":\"https:\/\/esenssi.com\/fabrica\/producto\/pack-apertura-niss\/\",\"name\":\"Pack Apertura Nicho - Esenssi - Tienda Online\",\"isPartOf\":{\"@id\":\"https:\/\/esenssi.com\/fabrica\/#website\"},\"primaryImageOfPage\":{\"@id\":\"https:\/\/esenssi.com\/fabrica\/producto\/pack-apertura-niss\/#primaryimage\"},\"image\":{\"@id\":\"https:\/\/esenssi.com\/fabrica\/producto\/pack-apertura-niss\/#primaryimage\"},\"thumbnailUrl\":\"https:\/\/esenssi.com\/fabrica\/wp-content\/uploads\/2018\/05\/APERTURA-NISS.jpg\",\"datePublished\":\"2018-05-10T09:03:40+00:00\",\"dateModified\":\"2025-09-20T14:19:46+00:00\",\"breadcrumb\":{\"@id\":\"https:\/\/esenssi.com\/fabrica\/producto\/pack-apertura-niss\/#breadcrumb\"},\"inLanguage\":\"es\",\"potentialAction\":[{\"@type\":\"ReadAction\",\"target\":[\"https:\/\/esenssi.com\/fabrica\/producto\/pack-apertura-niss\/\"]}]},{\"@type\":\"ImageObject\",\"inLanguage\":\"es\",\"@id\":\"https:\/\/esenssi.com\/fabrica\/producto\/pack-apertura-niss\/#primaryimage\",\"url\":\"https:\/\/esenssi.com\/fabrica\/wp-content\/uploads\/2018\/05\/APERTURA-NISS.jpg\",\"contentUrl\":\"https:\/\/esenssi.com\/fabrica\/wp-content\/uploads\/2018\/05\/APERTURA-NISS.jpg\",\"width\":2094,\"height\":2094},{\"@type\":\"BreadcrumbList\",\"@id\":\"https:\/\/esenssi.com\/fabrica\/producto\/pack-apertura-niss\/#breadcrumb\",\"itemListElement\":[{\"@type\":\"ListItem\",\"position\":1,\"name\":\"F\u00e1brica\",\"item\":\"https:\/\/esenssi.com\/fabrica\/\"},{\"@type\":\"ListItem\",\"position\":2,\"name\":\"Tienda\",\"item\":\"https:\/\/esenssi.com\/fabrica\/tienda\/\"},{\"@type\":\"ListItem\",\"position\":3,\"name\":\"Pack Apertura Nicho\"}]},{\"@type\":\"WebSite\",\"@id\":\"https:\/\/esenssi.com\/fabrica\/#website\",\"url\":\"https:\/\/esenssi.com\/fabrica\/\",\"name\":\"Esenssi - Tienda Online\",\"description\":\"Fabricante de perfumes\",\"publisher\":{\"@id\":\"https:\/\/esenssi.com\/fabrica\/#organization\"},\"alternateName\":\"Esenssi - Tienda Online\",\"potentialAction\":[{\"@type\":\"SearchAction\",\"target\":{\"@type\":\"EntryPoint\",\"urlTemplate\":\"https:\/\/esenssi.com\/fabrica\/?s={search_term_string}\"},\"query-input\":\"required name=search_term_string\"}],\"inLanguage\":\"es\"},{\"@type\":\"Organization\",\"@id\":\"https:\/\/esenssi.com\/fabrica\/#organization\",\"name\":\"Mayoristas de perfumer\u00eda\",\"url\":\"https:\/\/esenssi.com\/fabrica\/\",\"logo\":{\"@type\":\"ImageObject\",\"inLanguage\":\"es\",\"@id\":\"https:\/\/esenssi.com\/fabrica\/#\/schema\/logo\/image\/\",\"url\":\"https:\/\/esenssi.com\/fabrica\/wp-content\/uploads\/2021\/08\/Logotipo_Esenssi_Web.png\",\"contentUrl\":\"https:\/\/esenssi.com\/fabrica\/wp-content\/uploads\/2021\/08\/Logotipo_Esenssi_Web.png\",\"width\":295,\"height\":64,\"caption\":\"Mayoristas de perfumer\u00eda\"},\"image\":{\"@id\":\"https:\/\/esenssi.com\/fabrica\/#\/schema\/logo\/image\/\"}}]}<\/script>\n<!-- \/ Yoast SEO plugin. -->","yoast_head_json":{"title":"Pack Apertura Nicho - Esenssi - Tienda Online","robots":{"index":"noindex","follow":"nofollow"},"og_locale":"es_ES","og_type":"article","og_title":"Pack Apertura Nicho - Esenssi - Tienda Online","og_description":"El objetivo de la perfumer\u00eda de marca blanca es hacer m\u00e1s accesibles a todo el p\u00fablico los grandes aromas. Acercar a todo el mundo la perfumer\u00eda de calidad a bajo precio. Esta l\u00ednea da un paso m\u00e1s all\u00e1. Los perfumes Niche (Niss) son una parte de la perfumer\u00eda de edici\u00f3n muy limitada y exclusiva. Aromas que no es f\u00e1cil encontrar en dos personas a la vez debido a su especial f\u00f3rmula y a su elevado precio.  Esta l\u00ednea re\u00fane productos de aromas exclusivos en una edici\u00f3n limitada, con un envasado especial y una imagen m\u00e1s lujosa,\u00a0 que podr\u00e1s ofrecer a un p\u00fablico m\u00e1s exigente que busca aromas que no se encuentren f\u00e1cilmente pero a un precio razonable.","og_url":"https:\/\/esenssi.com\/fabrica\/producto\/pack-apertura-niss\/","og_site_name":"Esenssi - Tienda Online","article_modified_time":"2025-09-20T14:19:46+00:00","og_image":[{"width":2094,"height":2094,"url":"https:\/\/esenssi.com\/fabrica\/wp-content\/uploads\/2018\/05\/APERTURA-NISS.jpg","type":"image\/jpeg"}],"twitter_card":"summary_large_image","schema":{"@context":"https:\/\/schema.org","@graph":[{"@type":"WebPage","@id":"https:\/\/esenssi.com\/fabrica\/producto\/pack-apertura-niss\/","url":"https:\/\/esenssi.com\/fabrica\/producto\/pack-apertura-niss\/","name":"Pack Apertura Nicho - Esenssi - Tienda Online","isPartOf":{"@id":"https:\/\/esenssi.com\/fabrica\/#website"},"primaryImageOfPage":{"@id":"https:\/\/esenssi.com\/fabrica\/producto\/pack-apertura-niss\/#primaryimage"},"image":{"@id":"https:\/\/esenssi.com\/fabrica\/producto\/pack-apertura-niss\/#primaryimage"},"thumbnailUrl":"https:\/\/esenssi.com\/fabrica\/wp-content\/uploads\/2018\/05\/APERTURA-NISS.jpg","datePublished":"2018-05-10T09:03:40+00:00","dateModified":"2025-09-20T14:19:46+00:00","breadcrumb":{"@id":"https:\/\/esenssi.com\/fabrica\/producto\/pack-apertura-niss\/#breadcrumb"},"inLanguage":"es","potentialAction":[{"@type":"ReadAction","target":["https:\/\/esenssi.com\/fabrica\/producto\/pack-apertura-niss\/"]}]},{"@type":"ImageObject","inLanguage":"es","@id":"https:\/\/esenssi.com\/fabrica\/producto\/pack-apertura-niss\/#primaryimage","url":"https:\/\/esenssi.com\/fabrica\/wp-content\/uploads\/2018\/05\/APERTURA-NISS.jpg","contentUrl":"https:\/\/esenssi.com\/fabrica\/wp-content\/uploads\/2018\/05\/APERTURA-NISS.jpg","width":2094,"height":2094},{"@type":"BreadcrumbList","@id":"https:\/\/esenssi.com\/fabrica\/producto\/pack-apertura-niss\/#breadcrumb","itemListElement":[{"@type":"ListItem","position":1,"name":"F\u00e1brica","item":"https:\/\/esenssi.com\/fabrica\/"},{"@type":"ListItem","position":2,"name":"Tienda","item":"https:\/\/esenssi.com\/fabrica\/tienda\/"},{"@type":"ListItem","position":3,"name":"Pack Apertura Nicho"}]},{"@type":"WebSite","@id":"https:\/\/esenssi.com\/fabrica\/#website","url":"https:\/\/esenssi.com\/fabrica\/","name":"Esenssi - Tienda Online","description":"Fabricante de perfumes","publisher":{"@id":"https:\/\/esenssi.com\/fabrica\/#organization"},"alternateName":"Esenssi - Tienda Online","potentialAction":[{"@type":"SearchAction","target":{"@type":"EntryPoint","urlTemplate":"https:\/\/esenssi.com\/fabrica\/?s={search_term_string}"},"query-input":"required name=search_term_string"}],"inLanguage":"es"},{"@type":"Organization","@id":"https:\/\/esenssi.com\/fabrica\/#organization","name":"Mayoristas de perfumer\u00eda","url":"https:\/\/esenssi.com\/fabrica\/","logo":{"@type":"ImageObject","inLanguage":"es","@id":"https:\/\/esenssi.com\/fabrica\/#\/schema\/logo\/image\/","url":"https:\/\/esenssi.com\/fabrica\/wp-content\/uploads\/2021\/08\/Logotipo_Esenssi_Web.png","contentUrl":"https:\/\/esenssi.com\/fabrica\/wp-content\/uploads\/2021\/08\/Logotipo_Esenssi_Web.png","width":295,"height":64,"caption":"Mayoristas de perfumer\u00eda"},"image":{"@id":"https:\/\/esenssi.com\/fabrica\/#\/schema\/logo\/image\/"}}]}},"_links":{"self":[{"href":"https:\/\/esenssi.com\/fabrica\/wp-json\/wp\/v2\/product\/41988"}],"collection":[{"href":"https:\/\/esenssi.com\/fabrica\/wp-json\/wp\/v2\/product"}],"about":[{"href":"https:\/\/esenssi.com\/fabrica\/wp-json\/wp\/v2\/types\/product"}],"replies":[{"embeddable":true,"href":"https:\/\/esenssi.com\/fabrica\/wp-json\/wp\/v2\/comments?post=41988"}],"wp:featuredmedia":[{"embeddable":true,"href":"https:\/\/esenssi.com\/fabrica\/wp-json\/wp\/v2\/media\/69630"}],"wp:attachment":[{"href":"https:\/\/esenssi.com\/fabrica\/wp-json\/wp\/v2\/media?parent=41988"}],"wp:term":[{"taxonomy":"product_cat","embeddable":true,"href":"https:\/\/esenssi.com\/fabrica\/wp-json\/wp\/v2\/product_cat?post=41988"},{"taxonomy":"product_tag","embeddable":true,"href":"https:\/\/esenssi.com\/fabrica\/wp-json\/wp\/v2\/product_tag?post=41988"}],"curies":[{"name":"wp","href":"https:\/\/api.w.org\/{rel}","templated":true}]}}