{"id":43204,"date":"2018-08-21T12:23:04","date_gmt":"2018-08-21T12:23:04","guid":{"rendered":"https:\/\/esenssi.com\/fabrica\/producto\/expositor-sobremesa-extremadura\/"},"modified":"2022-07-14T13:07:33","modified_gmt":"2022-07-14T11:07:33","slug":"expositor-sobremesa-extremadura","status":"publish","type":"product","link":"https:\/\/esenssi.com\/fabrica\/producto\/expositor-sobremesa-extremadura\/","title":{"rendered":"Expositor Sobremesa Extremadura"},"content":{"rendered":"<p><strong>CONTENIDO EXPOSITOR:\u00a0<\/strong><\/p>\n<p>1 EXPOSITOR ROTULADO<\/p>\n<p>12 PERFUMEROS NEGRO 100ML + PERFUME<\/p>\n<p style=\"font-weight: 400;\">Con 4 aromas diferentes, 2 perfumes masculinos y 2 femeninos:<\/p>\n<ul>\n<li style=\"font-weight: 400;\">JARA: Perfume intenso y terrenal.\u00a0 Con acordes de Vetiver, hierba fresca con aroma a tierra. Madera de Cedro, seca y arom\u00e1tica y gotas de Cacao que confieren el toque dulce de esas personalidades fuertes y acogedoras.<\/li>\n<li style=\"font-weight: 400;\">JERTE: Perfume fresco y campestre. Con acordes c\u00edtricos refrescantes y de lavanda herbales junto con los de madera para una personalidad din\u00e1mica y terrenal.<\/li>\n<li style=\"font-weight: 400;\">VERA: Perfume intenso y dulce. Con acordes de zarzamora que le dan ese dulzor frutal que mezclados con Rosas de los jardines hogare\u00f1os y el Musk o almizcle sensual hacen de este perfume una composici\u00f3n ex\u00f3tica a la vez que acogedora y dulce.<\/li>\n<li style=\"font-weight: 400;\">DEHESA: Perfume alegre y terrenal. Acordes de \u00adores blancas (nardos) para una personalidad alegre y llamativa que, junto con las hierbas y la madera dulce (s\u00e1ndalo) forman un perfume vital y vibrante.<\/li>\n<\/ul>\n<p style=\"font-weight: 400;\">Siente la exencia.<\/p>\n<p><strong>MEDIDAS:<\/strong><\/p>\n<p>30 CM DE ANCHO X 30 CM DE FONDO X 40 CM DE ALTURA<\/p>\n<p>&nbsp;<\/p>\n<p>&nbsp;<\/p>\n<p>&nbsp;<\/p>\n","protected":false},"excerpt":{"rendered":"<p>\u00bfNo sabes si la alta perfumer\u00eda de marca blanca puede ser rentable para ti?<\/p>\n<p>\u00bfTienes ya un modelo completo de negocio y solo quieres a\u00f1adir una peque\u00f1a l\u00ednea de perfumes que lo complemente?<\/p>\n<p>Prueba nuestros expositores de mesa. Con una minima inversi\u00f3n podras descubrir el poder de atracci\u00f3n que tienen los perfumes de calidad de Esenssi Aromas para el publico. Y daras ese toque \u201cchic\u201d a tu negocio con un riesgo minimo.<\/p>\n<p>Disponibles en modo est\u00e1ndar o personalizados, con tu logo, con el de tu ciudad o localidad enfocado al turismo o simplemente con uno de esos nombres m\u00e1gicos que siempre has querido dar a una idea.<\/p>\n<p>&nbsp;<\/p>\n<p>*PORTES NO INCLUIDOS<\/p>\n","protected":false},"featured_media":142298,"comment_status":"open","ping_status":"closed","template":"","meta":{"content-type":"","_joinchat":[]},"product_cat":[1009],"product_tag":[],"class_list":{"0":"post-43204","1":"product","2":"type-product","3":"status-publish","4":"has-post-thumbnail","6":"product_cat-expositores","8":"first","9":"instock","10":"taxable","11":"shipping-taxable","12":"product-type-simple"},"yoast_head":"<!-- This site is optimized with the Yoast SEO plugin v23.3 - https:\/\/yoast.com\/wordpress\/plugins\/seo\/ -->\n<title>Expositor Sobremesa Extremadura - Esenssi - Tienda Online<\/title>\n<meta name=\"robots\" content=\"noindex, nofollow\" \/>\n<meta property=\"og:locale\" content=\"es_ES\" \/>\n<meta property=\"og:type\" content=\"article\" \/>\n<meta property=\"og:title\" content=\"Expositor Sobremesa Extremadura - Esenssi - Tienda Online\" \/>\n<meta property=\"og:description\" content=\"\u00bfNo sabes si la alta perfumer\u00eda de marca blanca puede ser rentable para ti?  \u00bfTienes ya un modelo completo de negocio y solo quieres a\u00f1adir una peque\u00f1a l\u00ednea de perfumes que lo complemente?  Prueba nuestros expositores de mesa. Con una minima inversi\u00f3n podras descubrir el poder de atracci\u00f3n que tienen los perfumes de calidad de Esenssi Aromas para el publico. Y daras ese toque \u201cchic\u201d a tu negocio con un riesgo minimo.  Disponibles en modo est\u00e1ndar o personalizados, con tu logo, con el de tu ciudad o localidad enfocado al turismo o simplemente con uno de esos nombres m\u00e1gicos que siempre has querido dar a una idea.  &nbsp;  *PORTES NO INCLUIDOS\" \/>\n<meta property=\"og:url\" content=\"https:\/\/esenssi.com\/fabrica\/producto\/expositor-sobremesa-extremadura\/\" \/>\n<meta property=\"og:site_name\" content=\"Esenssi - Tienda Online\" \/>\n<meta property=\"article:modified_time\" content=\"2022-07-14T11:07:33+00:00\" \/>\n<meta property=\"og:image\" content=\"https:\/\/esenssi.com\/fabrica\/wp-content\/uploads\/2018\/08\/Aromas_Extremadura.jpg\" \/>\n\t<meta property=\"og:image:width\" content=\"700\" \/>\n\t<meta property=\"og:image:height\" content=\"700\" \/>\n\t<meta property=\"og:image:type\" content=\"image\/jpeg\" \/>\n<meta name=\"twitter:card\" content=\"summary_large_image\" \/>\n<script type=\"application\/ld+json\" class=\"yoast-schema-graph\">{\"@context\":\"https:\/\/schema.org\",\"@graph\":[{\"@type\":\"WebPage\",\"@id\":\"https:\/\/esenssi.com\/fabrica\/producto\/expositor-sobremesa-extremadura\/\",\"url\":\"https:\/\/esenssi.com\/fabrica\/producto\/expositor-sobremesa-extremadura\/\",\"name\":\"Expositor Sobremesa Extremadura - Esenssi - Tienda Online\",\"isPartOf\":{\"@id\":\"https:\/\/esenssi.com\/fabrica\/#website\"},\"primaryImageOfPage\":{\"@id\":\"https:\/\/esenssi.com\/fabrica\/producto\/expositor-sobremesa-extremadura\/#primaryimage\"},\"image\":{\"@id\":\"https:\/\/esenssi.com\/fabrica\/producto\/expositor-sobremesa-extremadura\/#primaryimage\"},\"thumbnailUrl\":\"https:\/\/esenssi.com\/fabrica\/wp-content\/uploads\/2018\/08\/Aromas_Extremadura.jpg\",\"datePublished\":\"2018-08-21T12:23:04+00:00\",\"dateModified\":\"2022-07-14T11:07:33+00:00\",\"breadcrumb\":{\"@id\":\"https:\/\/esenssi.com\/fabrica\/producto\/expositor-sobremesa-extremadura\/#breadcrumb\"},\"inLanguage\":\"es\",\"potentialAction\":[{\"@type\":\"ReadAction\",\"target\":[\"https:\/\/esenssi.com\/fabrica\/producto\/expositor-sobremesa-extremadura\/\"]}]},{\"@type\":\"ImageObject\",\"inLanguage\":\"es\",\"@id\":\"https:\/\/esenssi.com\/fabrica\/producto\/expositor-sobremesa-extremadura\/#primaryimage\",\"url\":\"https:\/\/esenssi.com\/fabrica\/wp-content\/uploads\/2018\/08\/Aromas_Extremadura.jpg\",\"contentUrl\":\"https:\/\/esenssi.com\/fabrica\/wp-content\/uploads\/2018\/08\/Aromas_Extremadura.jpg\",\"width\":700,\"height\":700},{\"@type\":\"BreadcrumbList\",\"@id\":\"https:\/\/esenssi.com\/fabrica\/producto\/expositor-sobremesa-extremadura\/#breadcrumb\",\"itemListElement\":[{\"@type\":\"ListItem\",\"position\":1,\"name\":\"F\u00e1brica\",\"item\":\"https:\/\/esenssi.com\/fabrica\/\"},{\"@type\":\"ListItem\",\"position\":2,\"name\":\"Tienda\",\"item\":\"https:\/\/esenssi.com\/fabrica\/tienda\/\"},{\"@type\":\"ListItem\",\"position\":3,\"name\":\"Expositor Sobremesa Extremadura\"}]},{\"@type\":\"WebSite\",\"@id\":\"https:\/\/esenssi.com\/fabrica\/#website\",\"url\":\"https:\/\/esenssi.com\/fabrica\/\",\"name\":\"Esenssi - Tienda Online\",\"description\":\"Fabricante de perfumes\",\"publisher\":{\"@id\":\"https:\/\/esenssi.com\/fabrica\/#organization\"},\"alternateName\":\"Esenssi - Tienda Online\",\"potentialAction\":[{\"@type\":\"SearchAction\",\"target\":{\"@type\":\"EntryPoint\",\"urlTemplate\":\"https:\/\/esenssi.com\/fabrica\/?s={search_term_string}\"},\"query-input\":\"required name=search_term_string\"}],\"inLanguage\":\"es\"},{\"@type\":\"Organization\",\"@id\":\"https:\/\/esenssi.com\/fabrica\/#organization\",\"name\":\"Mayoristas de perfumer\u00eda\",\"url\":\"https:\/\/esenssi.com\/fabrica\/\",\"logo\":{\"@type\":\"ImageObject\",\"inLanguage\":\"es\",\"@id\":\"https:\/\/esenssi.com\/fabrica\/#\/schema\/logo\/image\/\",\"url\":\"https:\/\/esenssi.com\/fabrica\/wp-content\/uploads\/2021\/08\/Logotipo_Esenssi_Web.png\",\"contentUrl\":\"https:\/\/esenssi.com\/fabrica\/wp-content\/uploads\/2021\/08\/Logotipo_Esenssi_Web.png\",\"width\":295,\"height\":64,\"caption\":\"Mayoristas de perfumer\u00eda\"},\"image\":{\"@id\":\"https:\/\/esenssi.com\/fabrica\/#\/schema\/logo\/image\/\"}}]}<\/script>\n<!-- \/ Yoast SEO plugin. -->","yoast_head_json":{"title":"Expositor Sobremesa Extremadura - Esenssi - Tienda Online","robots":{"index":"noindex","follow":"nofollow"},"og_locale":"es_ES","og_type":"article","og_title":"Expositor Sobremesa Extremadura - Esenssi - Tienda Online","og_description":"\u00bfNo sabes si la alta perfumer\u00eda de marca blanca puede ser rentable para ti?  \u00bfTienes ya un modelo completo de negocio y solo quieres a\u00f1adir una peque\u00f1a l\u00ednea de perfumes que lo complemente?  Prueba nuestros expositores de mesa. Con una minima inversi\u00f3n podras descubrir el poder de atracci\u00f3n que tienen los perfumes de calidad de Esenssi Aromas para el publico. Y daras ese toque \u201cchic\u201d a tu negocio con un riesgo minimo.  Disponibles en modo est\u00e1ndar o personalizados, con tu logo, con el de tu ciudad o localidad enfocado al turismo o simplemente con uno de esos nombres m\u00e1gicos que siempre has querido dar a una idea.  &nbsp;  *PORTES NO INCLUIDOS","og_url":"https:\/\/esenssi.com\/fabrica\/producto\/expositor-sobremesa-extremadura\/","og_site_name":"Esenssi - Tienda Online","article_modified_time":"2022-07-14T11:07:33+00:00","og_image":[{"width":700,"height":700,"url":"https:\/\/esenssi.com\/fabrica\/wp-content\/uploads\/2018\/08\/Aromas_Extremadura.jpg","type":"image\/jpeg"}],"twitter_card":"summary_large_image","schema":{"@context":"https:\/\/schema.org","@graph":[{"@type":"WebPage","@id":"https:\/\/esenssi.com\/fabrica\/producto\/expositor-sobremesa-extremadura\/","url":"https:\/\/esenssi.com\/fabrica\/producto\/expositor-sobremesa-extremadura\/","name":"Expositor Sobremesa Extremadura - Esenssi - Tienda Online","isPartOf":{"@id":"https:\/\/esenssi.com\/fabrica\/#website"},"primaryImageOfPage":{"@id":"https:\/\/esenssi.com\/fabrica\/producto\/expositor-sobremesa-extremadura\/#primaryimage"},"image":{"@id":"https:\/\/esenssi.com\/fabrica\/producto\/expositor-sobremesa-extremadura\/#primaryimage"},"thumbnailUrl":"https:\/\/esenssi.com\/fabrica\/wp-content\/uploads\/2018\/08\/Aromas_Extremadura.jpg","datePublished":"2018-08-21T12:23:04+00:00","dateModified":"2022-07-14T11:07:33+00:00","breadcrumb":{"@id":"https:\/\/esenssi.com\/fabrica\/producto\/expositor-sobremesa-extremadura\/#breadcrumb"},"inLanguage":"es","potentialAction":[{"@type":"ReadAction","target":["https:\/\/esenssi.com\/fabrica\/producto\/expositor-sobremesa-extremadura\/"]}]},{"@type":"ImageObject","inLanguage":"es","@id":"https:\/\/esenssi.com\/fabrica\/producto\/expositor-sobremesa-extremadura\/#primaryimage","url":"https:\/\/esenssi.com\/fabrica\/wp-content\/uploads\/2018\/08\/Aromas_Extremadura.jpg","contentUrl":"https:\/\/esenssi.com\/fabrica\/wp-content\/uploads\/2018\/08\/Aromas_Extremadura.jpg","width":700,"height":700},{"@type":"BreadcrumbList","@id":"https:\/\/esenssi.com\/fabrica\/producto\/expositor-sobremesa-extremadura\/#breadcrumb","itemListElement":[{"@type":"ListItem","position":1,"name":"F\u00e1brica","item":"https:\/\/esenssi.com\/fabrica\/"},{"@type":"ListItem","position":2,"name":"Tienda","item":"https:\/\/esenssi.com\/fabrica\/tienda\/"},{"@type":"ListItem","position":3,"name":"Expositor Sobremesa Extremadura"}]},{"@type":"WebSite","@id":"https:\/\/esenssi.com\/fabrica\/#website","url":"https:\/\/esenssi.com\/fabrica\/","name":"Esenssi - Tienda Online","description":"Fabricante de perfumes","publisher":{"@id":"https:\/\/esenssi.com\/fabrica\/#organization"},"alternateName":"Esenssi - Tienda Online","potentialAction":[{"@type":"SearchAction","target":{"@type":"EntryPoint","urlTemplate":"https:\/\/esenssi.com\/fabrica\/?s={search_term_string}"},"query-input":"required name=search_term_string"}],"inLanguage":"es"},{"@type":"Organization","@id":"https:\/\/esenssi.com\/fabrica\/#organization","name":"Mayoristas de perfumer\u00eda","url":"https:\/\/esenssi.com\/fabrica\/","logo":{"@type":"ImageObject","inLanguage":"es","@id":"https:\/\/esenssi.com\/fabrica\/#\/schema\/logo\/image\/","url":"https:\/\/esenssi.com\/fabrica\/wp-content\/uploads\/2021\/08\/Logotipo_Esenssi_Web.png","contentUrl":"https:\/\/esenssi.com\/fabrica\/wp-content\/uploads\/2021\/08\/Logotipo_Esenssi_Web.png","width":295,"height":64,"caption":"Mayoristas de perfumer\u00eda"},"image":{"@id":"https:\/\/esenssi.com\/fabrica\/#\/schema\/logo\/image\/"}}]}},"_links":{"self":[{"href":"https:\/\/esenssi.com\/fabrica\/wp-json\/wp\/v2\/product\/43204"}],"collection":[{"href":"https:\/\/esenssi.com\/fabrica\/wp-json\/wp\/v2\/product"}],"about":[{"href":"https:\/\/esenssi.com\/fabrica\/wp-json\/wp\/v2\/types\/product"}],"replies":[{"embeddable":true,"href":"https:\/\/esenssi.com\/fabrica\/wp-json\/wp\/v2\/comments?post=43204"}],"wp:featuredmedia":[{"embeddable":true,"href":"https:\/\/esenssi.com\/fabrica\/wp-json\/wp\/v2\/media\/142298"}],"wp:attachment":[{"href":"https:\/\/esenssi.com\/fabrica\/wp-json\/wp\/v2\/media?parent=43204"}],"wp:term":[{"taxonomy":"product_cat","embeddable":true,"href":"https:\/\/esenssi.com\/fabrica\/wp-json\/wp\/v2\/product_cat?post=43204"},{"taxonomy":"product_tag","embeddable":true,"href":"https:\/\/esenssi.com\/fabrica\/wp-json\/wp\/v2\/product_tag?post=43204"}],"curies":[{"name":"wp","href":"https:\/\/api.w.org\/{rel}","templated":true}]}}