{"id":44596,"date":"2020-03-03T13:37:25","date_gmt":"2020-03-03T13:37:25","guid":{"rendered":"https:\/\/esenssi.com\/fabrica\/producto\/expositor-slim-esenssi\/"},"modified":"2022-07-14T13:08:50","modified_gmt":"2022-07-14T11:08:50","slug":"expositor-slim-esenssi","status":"publish","type":"product","link":"https:\/\/esenssi.com\/fabrica\/producto\/expositor-slim-esenssi\/","title":{"rendered":"Expositor Slim Esenssi"},"content":{"rendered":"<p><strong>MEDIDAS:<\/strong><\/p>\n<p>10 CM DE ANCHO X 12,5 CM DE FONDO X 16 CM DE ALTURA<\/p>\n<p>D\u00e9janos en las observaciones de tu pedido el perfume que quieres para este expositor.<\/p>\n","protected":false},"excerpt":{"rendered":"<h2><strong>Expositor SLIM<\/strong><\/h2>\n<p>Expositor de dise\u00f1o en metacrilato con 2 alturas que incluye\u00a0<strong>15 perfumes de alta intensidad<\/strong> en nuestros elegantes y pr\u00e1cticos viales de <strong>5 ml.<\/strong><\/p>\n<p>Posibilidad de personalizaci\u00f3n con tu marca. P\u00eddenos presupuesto sin compromiso.<\/p>\n<p>D\u00e9janos en las observaciones de tu pedido el perfume que quieres para este expositor.<\/p>\n<p>&nbsp;<\/p>\n<p>&nbsp;<\/p>\n<p>&nbsp;<\/p>\n","protected":false},"featured_media":142155,"comment_status":"open","ping_status":"closed","template":"","meta":{"content-type":"","_joinchat":[]},"product_cat":[1009],"product_tag":[],"class_list":{"0":"post-44596","1":"product","2":"type-product","3":"status-publish","4":"has-post-thumbnail","6":"product_cat-expositores","8":"first","9":"instock","10":"taxable","11":"shipping-taxable","12":"product-type-simple"},"yoast_head":"<!-- This site is optimized with the Yoast SEO plugin v23.3 - https:\/\/yoast.com\/wordpress\/plugins\/seo\/ -->\n<title>Expositor Slim Esenssi - Esenssi - Tienda Online<\/title>\n<meta name=\"robots\" content=\"noindex, nofollow\" \/>\n<meta property=\"og:locale\" content=\"es_ES\" \/>\n<meta property=\"og:type\" content=\"article\" \/>\n<meta property=\"og:title\" content=\"Expositor Slim Esenssi - Esenssi - Tienda Online\" \/>\n<meta property=\"og:description\" content=\"Expositor SLIM Expositor de dise\u00f1o en metacrilato con 2 alturas que incluye\u00a015 perfumes de alta intensidad en nuestros elegantes y pr\u00e1cticos viales de 5 ml.  Posibilidad de personalizaci\u00f3n con tu marca. P\u00eddenos presupuesto sin compromiso.  D\u00e9janos en las observaciones de tu pedido el perfume que quieres para este expositor.  &nbsp;  &nbsp;  &nbsp;\" \/>\n<meta property=\"og:url\" content=\"https:\/\/esenssi.com\/fabrica\/producto\/expositor-slim-esenssi\/\" \/>\n<meta property=\"og:site_name\" content=\"Esenssi - Tienda Online\" \/>\n<meta property=\"article:modified_time\" content=\"2022-07-14T11:08:50+00:00\" \/>\n<meta property=\"og:image\" content=\"https:\/\/esenssi.com\/fabrica\/wp-content\/uploads\/2020\/03\/Expositores_Slim-600x600-1.jpg\" \/>\n\t<meta property=\"og:image:width\" content=\"600\" \/>\n\t<meta property=\"og:image:height\" content=\"600\" \/>\n\t<meta property=\"og:image:type\" content=\"image\/jpeg\" \/>\n<meta name=\"twitter:card\" content=\"summary_large_image\" \/>\n<script type=\"application\/ld+json\" class=\"yoast-schema-graph\">{\"@context\":\"https:\/\/schema.org\",\"@graph\":[{\"@type\":\"WebPage\",\"@id\":\"https:\/\/esenssi.com\/fabrica\/producto\/expositor-slim-esenssi\/\",\"url\":\"https:\/\/esenssi.com\/fabrica\/producto\/expositor-slim-esenssi\/\",\"name\":\"Expositor Slim Esenssi - Esenssi - Tienda Online\",\"isPartOf\":{\"@id\":\"https:\/\/esenssi.com\/fabrica\/#website\"},\"primaryImageOfPage\":{\"@id\":\"https:\/\/esenssi.com\/fabrica\/producto\/expositor-slim-esenssi\/#primaryimage\"},\"image\":{\"@id\":\"https:\/\/esenssi.com\/fabrica\/producto\/expositor-slim-esenssi\/#primaryimage\"},\"thumbnailUrl\":\"https:\/\/esenssi.com\/fabrica\/wp-content\/uploads\/2020\/03\/Expositores_Slim-600x600-1.jpg\",\"datePublished\":\"2020-03-03T13:37:25+00:00\",\"dateModified\":\"2022-07-14T11:08:50+00:00\",\"breadcrumb\":{\"@id\":\"https:\/\/esenssi.com\/fabrica\/producto\/expositor-slim-esenssi\/#breadcrumb\"},\"inLanguage\":\"es\",\"potentialAction\":[{\"@type\":\"ReadAction\",\"target\":[\"https:\/\/esenssi.com\/fabrica\/producto\/expositor-slim-esenssi\/\"]}]},{\"@type\":\"ImageObject\",\"inLanguage\":\"es\",\"@id\":\"https:\/\/esenssi.com\/fabrica\/producto\/expositor-slim-esenssi\/#primaryimage\",\"url\":\"https:\/\/esenssi.com\/fabrica\/wp-content\/uploads\/2020\/03\/Expositores_Slim-600x600-1.jpg\",\"contentUrl\":\"https:\/\/esenssi.com\/fabrica\/wp-content\/uploads\/2020\/03\/Expositores_Slim-600x600-1.jpg\",\"width\":600,\"height\":600},{\"@type\":\"BreadcrumbList\",\"@id\":\"https:\/\/esenssi.com\/fabrica\/producto\/expositor-slim-esenssi\/#breadcrumb\",\"itemListElement\":[{\"@type\":\"ListItem\",\"position\":1,\"name\":\"F\u00e1brica\",\"item\":\"https:\/\/esenssi.com\/fabrica\/\"},{\"@type\":\"ListItem\",\"position\":2,\"name\":\"Tienda\",\"item\":\"https:\/\/esenssi.com\/fabrica\/tienda\/\"},{\"@type\":\"ListItem\",\"position\":3,\"name\":\"Expositor Slim Esenssi\"}]},{\"@type\":\"WebSite\",\"@id\":\"https:\/\/esenssi.com\/fabrica\/#website\",\"url\":\"https:\/\/esenssi.com\/fabrica\/\",\"name\":\"Esenssi - Tienda Online\",\"description\":\"Fabricante de perfumes\",\"publisher\":{\"@id\":\"https:\/\/esenssi.com\/fabrica\/#organization\"},\"alternateName\":\"Esenssi - Tienda Online\",\"potentialAction\":[{\"@type\":\"SearchAction\",\"target\":{\"@type\":\"EntryPoint\",\"urlTemplate\":\"https:\/\/esenssi.com\/fabrica\/?s={search_term_string}\"},\"query-input\":\"required name=search_term_string\"}],\"inLanguage\":\"es\"},{\"@type\":\"Organization\",\"@id\":\"https:\/\/esenssi.com\/fabrica\/#organization\",\"name\":\"Mayoristas de perfumer\u00eda\",\"url\":\"https:\/\/esenssi.com\/fabrica\/\",\"logo\":{\"@type\":\"ImageObject\",\"inLanguage\":\"es\",\"@id\":\"https:\/\/esenssi.com\/fabrica\/#\/schema\/logo\/image\/\",\"url\":\"https:\/\/esenssi.com\/fabrica\/wp-content\/uploads\/2021\/08\/Logotipo_Esenssi_Web.png\",\"contentUrl\":\"https:\/\/esenssi.com\/fabrica\/wp-content\/uploads\/2021\/08\/Logotipo_Esenssi_Web.png\",\"width\":295,\"height\":64,\"caption\":\"Mayoristas de perfumer\u00eda\"},\"image\":{\"@id\":\"https:\/\/esenssi.com\/fabrica\/#\/schema\/logo\/image\/\"}}]}<\/script>\n<!-- \/ Yoast SEO plugin. -->","yoast_head_json":{"title":"Expositor Slim Esenssi - Esenssi - Tienda Online","robots":{"index":"noindex","follow":"nofollow"},"og_locale":"es_ES","og_type":"article","og_title":"Expositor Slim Esenssi - Esenssi - Tienda Online","og_description":"Expositor SLIM Expositor de dise\u00f1o en metacrilato con 2 alturas que incluye\u00a015 perfumes de alta intensidad en nuestros elegantes y pr\u00e1cticos viales de 5 ml.  Posibilidad de personalizaci\u00f3n con tu marca. P\u00eddenos presupuesto sin compromiso.  D\u00e9janos en las observaciones de tu pedido el perfume que quieres para este expositor.  &nbsp;  &nbsp;  &nbsp;","og_url":"https:\/\/esenssi.com\/fabrica\/producto\/expositor-slim-esenssi\/","og_site_name":"Esenssi - Tienda Online","article_modified_time":"2022-07-14T11:08:50+00:00","og_image":[{"width":600,"height":600,"url":"https:\/\/esenssi.com\/fabrica\/wp-content\/uploads\/2020\/03\/Expositores_Slim-600x600-1.jpg","type":"image\/jpeg"}],"twitter_card":"summary_large_image","schema":{"@context":"https:\/\/schema.org","@graph":[{"@type":"WebPage","@id":"https:\/\/esenssi.com\/fabrica\/producto\/expositor-slim-esenssi\/","url":"https:\/\/esenssi.com\/fabrica\/producto\/expositor-slim-esenssi\/","name":"Expositor Slim Esenssi - Esenssi - Tienda Online","isPartOf":{"@id":"https:\/\/esenssi.com\/fabrica\/#website"},"primaryImageOfPage":{"@id":"https:\/\/esenssi.com\/fabrica\/producto\/expositor-slim-esenssi\/#primaryimage"},"image":{"@id":"https:\/\/esenssi.com\/fabrica\/producto\/expositor-slim-esenssi\/#primaryimage"},"thumbnailUrl":"https:\/\/esenssi.com\/fabrica\/wp-content\/uploads\/2020\/03\/Expositores_Slim-600x600-1.jpg","datePublished":"2020-03-03T13:37:25+00:00","dateModified":"2022-07-14T11:08:50+00:00","breadcrumb":{"@id":"https:\/\/esenssi.com\/fabrica\/producto\/expositor-slim-esenssi\/#breadcrumb"},"inLanguage":"es","potentialAction":[{"@type":"ReadAction","target":["https:\/\/esenssi.com\/fabrica\/producto\/expositor-slim-esenssi\/"]}]},{"@type":"ImageObject","inLanguage":"es","@id":"https:\/\/esenssi.com\/fabrica\/producto\/expositor-slim-esenssi\/#primaryimage","url":"https:\/\/esenssi.com\/fabrica\/wp-content\/uploads\/2020\/03\/Expositores_Slim-600x600-1.jpg","contentUrl":"https:\/\/esenssi.com\/fabrica\/wp-content\/uploads\/2020\/03\/Expositores_Slim-600x600-1.jpg","width":600,"height":600},{"@type":"BreadcrumbList","@id":"https:\/\/esenssi.com\/fabrica\/producto\/expositor-slim-esenssi\/#breadcrumb","itemListElement":[{"@type":"ListItem","position":1,"name":"F\u00e1brica","item":"https:\/\/esenssi.com\/fabrica\/"},{"@type":"ListItem","position":2,"name":"Tienda","item":"https:\/\/esenssi.com\/fabrica\/tienda\/"},{"@type":"ListItem","position":3,"name":"Expositor Slim Esenssi"}]},{"@type":"WebSite","@id":"https:\/\/esenssi.com\/fabrica\/#website","url":"https:\/\/esenssi.com\/fabrica\/","name":"Esenssi - Tienda Online","description":"Fabricante de perfumes","publisher":{"@id":"https:\/\/esenssi.com\/fabrica\/#organization"},"alternateName":"Esenssi - Tienda Online","potentialAction":[{"@type":"SearchAction","target":{"@type":"EntryPoint","urlTemplate":"https:\/\/esenssi.com\/fabrica\/?s={search_term_string}"},"query-input":"required name=search_term_string"}],"inLanguage":"es"},{"@type":"Organization","@id":"https:\/\/esenssi.com\/fabrica\/#organization","name":"Mayoristas de perfumer\u00eda","url":"https:\/\/esenssi.com\/fabrica\/","logo":{"@type":"ImageObject","inLanguage":"es","@id":"https:\/\/esenssi.com\/fabrica\/#\/schema\/logo\/image\/","url":"https:\/\/esenssi.com\/fabrica\/wp-content\/uploads\/2021\/08\/Logotipo_Esenssi_Web.png","contentUrl":"https:\/\/esenssi.com\/fabrica\/wp-content\/uploads\/2021\/08\/Logotipo_Esenssi_Web.png","width":295,"height":64,"caption":"Mayoristas de perfumer\u00eda"},"image":{"@id":"https:\/\/esenssi.com\/fabrica\/#\/schema\/logo\/image\/"}}]}},"_links":{"self":[{"href":"https:\/\/esenssi.com\/fabrica\/wp-json\/wp\/v2\/product\/44596"}],"collection":[{"href":"https:\/\/esenssi.com\/fabrica\/wp-json\/wp\/v2\/product"}],"about":[{"href":"https:\/\/esenssi.com\/fabrica\/wp-json\/wp\/v2\/types\/product"}],"replies":[{"embeddable":true,"href":"https:\/\/esenssi.com\/fabrica\/wp-json\/wp\/v2\/comments?post=44596"}],"wp:featuredmedia":[{"embeddable":true,"href":"https:\/\/esenssi.com\/fabrica\/wp-json\/wp\/v2\/media\/142155"}],"wp:attachment":[{"href":"https:\/\/esenssi.com\/fabrica\/wp-json\/wp\/v2\/media?parent=44596"}],"wp:term":[{"taxonomy":"product_cat","embeddable":true,"href":"https:\/\/esenssi.com\/fabrica\/wp-json\/wp\/v2\/product_cat?post=44596"},{"taxonomy":"product_tag","embeddable":true,"href":"https:\/\/esenssi.com\/fabrica\/wp-json\/wp\/v2\/product_tag?post=44596"}],"curies":[{"name":"wp","href":"https:\/\/api.w.org\/{rel}","templated":true}]}}