{"id":68599,"date":"2021-08-28T18:29:47","date_gmt":"2021-08-28T18:29:47","guid":{"rendered":"https:\/\/esenssi.com\/fabrica\/tienda\/sin%20categor\u00eda\/gel-de-bano-top-parfum-2\/"},"modified":"2025-10-08T11:00:00","modified_gmt":"2025-10-08T09:00:00","slug":"gel-de-bano-top-parfum-2","status":"publish","type":"product","link":"https:\/\/esenssi.com\/fabrica\/producto\/gel-de-bano-top-parfum-2\/","title":{"rendered":"Gel de Ba\u00f1o Top Parfum"},"content":{"rendered":"<p>Los geles de ba\u00f1o perfumados proporcionan hidrataci\u00f3n al mismo tiempo que acent\u00faan el relax del momento del ba\u00f1o o ducha a trav\u00e9s del aroma.<\/p>\n<p>Si adem\u00e1s, antes de aplicarte tu <a href=\"https:\/\/esenssi.com\/fabrica\/perfumes\/perfumes-de-equivalencia-mujer\/top-parfum-femeninas\/\">perfume<\/a>\u00a0utilizas un buen gel de ba\u00f1o o ducha y a continuaci\u00f3n una<a href=\"https:\/\/esenssi.com\/producto\/crema-corporal-top-parfum\/\"> crema corporal hidratante<\/a>, todo ello perfumado con la misma fragancia de tu perfume, crear\u00e1s capas arom\u00e1ticas que se pegar\u00e1n a ti todo el d\u00eda.<\/p>\n<p>Envasado o a granel:<\/p>\n<p>Puedes disponer de estos geles de ba\u00f1o perfumados para su venta a granel. Ideal para ofrecer a tus clientes como complemento cuando compren su perfume favorito, en los pr\u00e1cticos <a href=\"https:\/\/esenssi.com\/fabrica\/envases\/cosmetica\/\">envases<\/a> dosificadores que te ofrecemos y en las cantidades que el cliente elija (100, 200, 500 ml\u2026).<\/p>\n<p>O puedes pedir estos geles de ba\u00f1o y ducha, perfumados de las <a href=\"https:\/\/esenssi.com\/fabrica\/perfumes\/perfumes-de-equivalencia-mujer\/top-parfum-femeninas\/\">fragancias Top ventas<\/a>, ya envasados en los envases de 200ml con dosificador.<\/p>\n<p>Prueba nuestro <a href=\"https:\/\/esenssi.com\/producto\/pack-apertura-parfum\/\">pack de lanzamiento<\/a> Top Parfum a un precio super ventajoso y descubre que aromas le gustan mas a tus clientes.<\/p>\n<p>Tienes toda la l\u00ednea <a href=\"https:\/\/esenssi.com\/fabrica\/producto\/pack-apertura-top\/\">corporal perfumada<\/a> con los mejores perfumes del mercado. <a href=\"https:\/\/esenssi.com\/producto\/aceite-corporal-top-parfum\/\">aceite<\/a> y <a href=\"https:\/\/esenssi.com\/producto\/crema-corporal-top-parfum\/\">crema corporal<\/a>, <a href=\"https:\/\/esenssi.com\/producto\/desodorante-top-parfum\/\">desodorante<\/a>, <a href=\"https:\/\/esenssi.com\/producto\/body-mist-top-parfum\/\">body mist<\/a>. Crea duos o packs de venta para tus clientes junto a sus perfumes favoritos.<\/p>\n<p>Recuerda que los aromas de los perfumes top ventas tambi\u00e9n est\u00e1n disponibles en <a href=\"https:\/\/esenssi.com\/fabrica\/ambientacion-granel\/spray\/\">ambientaci\u00f3n<\/a>.<\/p>\n","protected":false},"excerpt":{"rendered":"<p>Gel de ba\u00f1o y ducha denso y perfumado. Disfruta de tu ritual de ba\u00f1o de una forma diferente con las fragancias de los mejores perfumes <a href=\"https:\/\/esenssi.com\/fabrica\/perfumes\/perfumes-de-equivalencia-mujer\/top-parfum-femeninas\/\">Top ventas<\/a> del mercado.<\/p>\n","protected":false},"featured_media":65178,"comment_status":"open","ping_status":"closed","template":"","meta":{"content-type":"","_joinchat":[]},"product_cat":[1063,1229],"product_tag":[1240],"class_list":{"0":"post-68599","1":"product","2":"type-product","3":"status-publish","4":"has-post-thumbnail","6":"product_cat-cuidado-corporal","7":"product_cat-gel-de-bano","8":"product_tag-mas-vendidos","10":"first","11":"instock","12":"taxable","13":"shipping-taxable","14":"product-type-variable"},"yoast_head":"<!-- This site is optimized with the Yoast SEO plugin v23.3 - https:\/\/yoast.com\/wordpress\/plugins\/seo\/ -->\n<title>Gel de Ba\u00f1o Top Parfum - Esenssi - Tienda Online<\/title>\n<meta name=\"robots\" content=\"noindex, nofollow\" \/>\n<meta property=\"og:locale\" content=\"es_ES\" \/>\n<meta property=\"og:type\" content=\"article\" \/>\n<meta property=\"og:title\" content=\"Gel de Ba\u00f1o Top Parfum - Esenssi - Tienda Online\" \/>\n<meta property=\"og:description\" content=\"Gel de ba\u00f1o y ducha denso y perfumado. Disfruta de tu ritual de ba\u00f1o de una forma diferente con las fragancias de los mejores perfumes Top ventas del mercado.\" \/>\n<meta property=\"og:url\" content=\"https:\/\/esenssi.com\/fabrica\/producto\/gel-de-bano-top-parfum-2\/\" \/>\n<meta property=\"og:site_name\" content=\"Esenssi - Tienda Online\" \/>\n<meta property=\"article:modified_time\" content=\"2025-10-08T09:00:00+00:00\" \/>\n<meta property=\"og:image\" content=\"https:\/\/esenssi.com\/fabrica\/wp-content\/uploads\/2018\/07\/Gel_Bano_Top_Parfum.jpg\" \/>\n\t<meta property=\"og:image:width\" content=\"1000\" \/>\n\t<meta property=\"og:image:height\" content=\"1000\" \/>\n\t<meta property=\"og:image:type\" content=\"image\/jpeg\" \/>\n<meta name=\"twitter:card\" content=\"summary_large_image\" \/>\n<script type=\"application\/ld+json\" class=\"yoast-schema-graph\">{\"@context\":\"https:\/\/schema.org\",\"@graph\":[{\"@type\":\"WebPage\",\"@id\":\"https:\/\/esenssi.com\/fabrica\/producto\/gel-de-bano-top-parfum-2\/\",\"url\":\"https:\/\/esenssi.com\/fabrica\/producto\/gel-de-bano-top-parfum-2\/\",\"name\":\"Gel de Ba\u00f1o Top Parfum - Esenssi - Tienda Online\",\"isPartOf\":{\"@id\":\"https:\/\/esenssi.com\/fabrica\/#website\"},\"primaryImageOfPage\":{\"@id\":\"https:\/\/esenssi.com\/fabrica\/producto\/gel-de-bano-top-parfum-2\/#primaryimage\"},\"image\":{\"@id\":\"https:\/\/esenssi.com\/fabrica\/producto\/gel-de-bano-top-parfum-2\/#primaryimage\"},\"thumbnailUrl\":\"https:\/\/esenssi.com\/fabrica\/wp-content\/uploads\/2018\/07\/Gel_Bano_Top_Parfum.jpg\",\"datePublished\":\"2021-08-28T18:29:47+00:00\",\"dateModified\":\"2025-10-08T09:00:00+00:00\",\"breadcrumb\":{\"@id\":\"https:\/\/esenssi.com\/fabrica\/producto\/gel-de-bano-top-parfum-2\/#breadcrumb\"},\"inLanguage\":\"es\",\"potentialAction\":[{\"@type\":\"ReadAction\",\"target\":[\"https:\/\/esenssi.com\/fabrica\/producto\/gel-de-bano-top-parfum-2\/\"]}]},{\"@type\":\"ImageObject\",\"inLanguage\":\"es\",\"@id\":\"https:\/\/esenssi.com\/fabrica\/producto\/gel-de-bano-top-parfum-2\/#primaryimage\",\"url\":\"https:\/\/esenssi.com\/fabrica\/wp-content\/uploads\/2018\/07\/Gel_Bano_Top_Parfum.jpg\",\"contentUrl\":\"https:\/\/esenssi.com\/fabrica\/wp-content\/uploads\/2018\/07\/Gel_Bano_Top_Parfum.jpg\",\"width\":1000,\"height\":1000},{\"@type\":\"BreadcrumbList\",\"@id\":\"https:\/\/esenssi.com\/fabrica\/producto\/gel-de-bano-top-parfum-2\/#breadcrumb\",\"itemListElement\":[{\"@type\":\"ListItem\",\"position\":1,\"name\":\"F\u00e1brica\",\"item\":\"https:\/\/esenssi.com\/fabrica\/\"},{\"@type\":\"ListItem\",\"position\":2,\"name\":\"Tienda\",\"item\":\"https:\/\/esenssi.com\/fabrica\/tienda\/\"},{\"@type\":\"ListItem\",\"position\":3,\"name\":\"Gel de Ba\u00f1o Top Parfum\"}]},{\"@type\":\"WebSite\",\"@id\":\"https:\/\/esenssi.com\/fabrica\/#website\",\"url\":\"https:\/\/esenssi.com\/fabrica\/\",\"name\":\"Esenssi - Tienda Online\",\"description\":\"Fabricante de perfumes\",\"publisher\":{\"@id\":\"https:\/\/esenssi.com\/fabrica\/#organization\"},\"alternateName\":\"Esenssi - Tienda Online\",\"potentialAction\":[{\"@type\":\"SearchAction\",\"target\":{\"@type\":\"EntryPoint\",\"urlTemplate\":\"https:\/\/esenssi.com\/fabrica\/?s={search_term_string}\"},\"query-input\":\"required name=search_term_string\"}],\"inLanguage\":\"es\"},{\"@type\":\"Organization\",\"@id\":\"https:\/\/esenssi.com\/fabrica\/#organization\",\"name\":\"Mayoristas de perfumer\u00eda\",\"url\":\"https:\/\/esenssi.com\/fabrica\/\",\"logo\":{\"@type\":\"ImageObject\",\"inLanguage\":\"es\",\"@id\":\"https:\/\/esenssi.com\/fabrica\/#\/schema\/logo\/image\/\",\"url\":\"https:\/\/esenssi.com\/fabrica\/wp-content\/uploads\/2021\/08\/Logotipo_Esenssi_Web.png\",\"contentUrl\":\"https:\/\/esenssi.com\/fabrica\/wp-content\/uploads\/2021\/08\/Logotipo_Esenssi_Web.png\",\"width\":295,\"height\":64,\"caption\":\"Mayoristas de perfumer\u00eda\"},\"image\":{\"@id\":\"https:\/\/esenssi.com\/fabrica\/#\/schema\/logo\/image\/\"}}]}<\/script>\n<!-- \/ Yoast SEO plugin. -->","yoast_head_json":{"title":"Gel de Ba\u00f1o Top Parfum - Esenssi - Tienda Online","robots":{"index":"noindex","follow":"nofollow"},"og_locale":"es_ES","og_type":"article","og_title":"Gel de Ba\u00f1o Top Parfum - Esenssi - Tienda Online","og_description":"Gel de ba\u00f1o y ducha denso y perfumado. Disfruta de tu ritual de ba\u00f1o de una forma diferente con las fragancias de los mejores perfumes Top ventas del mercado.","og_url":"https:\/\/esenssi.com\/fabrica\/producto\/gel-de-bano-top-parfum-2\/","og_site_name":"Esenssi - Tienda Online","article_modified_time":"2025-10-08T09:00:00+00:00","og_image":[{"width":1000,"height":1000,"url":"https:\/\/esenssi.com\/fabrica\/wp-content\/uploads\/2018\/07\/Gel_Bano_Top_Parfum.jpg","type":"image\/jpeg"}],"twitter_card":"summary_large_image","schema":{"@context":"https:\/\/schema.org","@graph":[{"@type":"WebPage","@id":"https:\/\/esenssi.com\/fabrica\/producto\/gel-de-bano-top-parfum-2\/","url":"https:\/\/esenssi.com\/fabrica\/producto\/gel-de-bano-top-parfum-2\/","name":"Gel de Ba\u00f1o Top Parfum - Esenssi - Tienda Online","isPartOf":{"@id":"https:\/\/esenssi.com\/fabrica\/#website"},"primaryImageOfPage":{"@id":"https:\/\/esenssi.com\/fabrica\/producto\/gel-de-bano-top-parfum-2\/#primaryimage"},"image":{"@id":"https:\/\/esenssi.com\/fabrica\/producto\/gel-de-bano-top-parfum-2\/#primaryimage"},"thumbnailUrl":"https:\/\/esenssi.com\/fabrica\/wp-content\/uploads\/2018\/07\/Gel_Bano_Top_Parfum.jpg","datePublished":"2021-08-28T18:29:47+00:00","dateModified":"2025-10-08T09:00:00+00:00","breadcrumb":{"@id":"https:\/\/esenssi.com\/fabrica\/producto\/gel-de-bano-top-parfum-2\/#breadcrumb"},"inLanguage":"es","potentialAction":[{"@type":"ReadAction","target":["https:\/\/esenssi.com\/fabrica\/producto\/gel-de-bano-top-parfum-2\/"]}]},{"@type":"ImageObject","inLanguage":"es","@id":"https:\/\/esenssi.com\/fabrica\/producto\/gel-de-bano-top-parfum-2\/#primaryimage","url":"https:\/\/esenssi.com\/fabrica\/wp-content\/uploads\/2018\/07\/Gel_Bano_Top_Parfum.jpg","contentUrl":"https:\/\/esenssi.com\/fabrica\/wp-content\/uploads\/2018\/07\/Gel_Bano_Top_Parfum.jpg","width":1000,"height":1000},{"@type":"BreadcrumbList","@id":"https:\/\/esenssi.com\/fabrica\/producto\/gel-de-bano-top-parfum-2\/#breadcrumb","itemListElement":[{"@type":"ListItem","position":1,"name":"F\u00e1brica","item":"https:\/\/esenssi.com\/fabrica\/"},{"@type":"ListItem","position":2,"name":"Tienda","item":"https:\/\/esenssi.com\/fabrica\/tienda\/"},{"@type":"ListItem","position":3,"name":"Gel de Ba\u00f1o Top Parfum"}]},{"@type":"WebSite","@id":"https:\/\/esenssi.com\/fabrica\/#website","url":"https:\/\/esenssi.com\/fabrica\/","name":"Esenssi - Tienda Online","description":"Fabricante de perfumes","publisher":{"@id":"https:\/\/esenssi.com\/fabrica\/#organization"},"alternateName":"Esenssi - Tienda Online","potentialAction":[{"@type":"SearchAction","target":{"@type":"EntryPoint","urlTemplate":"https:\/\/esenssi.com\/fabrica\/?s={search_term_string}"},"query-input":"required name=search_term_string"}],"inLanguage":"es"},{"@type":"Organization","@id":"https:\/\/esenssi.com\/fabrica\/#organization","name":"Mayoristas de perfumer\u00eda","url":"https:\/\/esenssi.com\/fabrica\/","logo":{"@type":"ImageObject","inLanguage":"es","@id":"https:\/\/esenssi.com\/fabrica\/#\/schema\/logo\/image\/","url":"https:\/\/esenssi.com\/fabrica\/wp-content\/uploads\/2021\/08\/Logotipo_Esenssi_Web.png","contentUrl":"https:\/\/esenssi.com\/fabrica\/wp-content\/uploads\/2021\/08\/Logotipo_Esenssi_Web.png","width":295,"height":64,"caption":"Mayoristas de perfumer\u00eda"},"image":{"@id":"https:\/\/esenssi.com\/fabrica\/#\/schema\/logo\/image\/"}}]}},"_links":{"self":[{"href":"https:\/\/esenssi.com\/fabrica\/wp-json\/wp\/v2\/product\/68599"}],"collection":[{"href":"https:\/\/esenssi.com\/fabrica\/wp-json\/wp\/v2\/product"}],"about":[{"href":"https:\/\/esenssi.com\/fabrica\/wp-json\/wp\/v2\/types\/product"}],"replies":[{"embeddable":true,"href":"https:\/\/esenssi.com\/fabrica\/wp-json\/wp\/v2\/comments?post=68599"}],"wp:featuredmedia":[{"embeddable":true,"href":"https:\/\/esenssi.com\/fabrica\/wp-json\/wp\/v2\/media\/65178"}],"wp:attachment":[{"href":"https:\/\/esenssi.com\/fabrica\/wp-json\/wp\/v2\/media?parent=68599"}],"wp:term":[{"taxonomy":"product_cat","embeddable":true,"href":"https:\/\/esenssi.com\/fabrica\/wp-json\/wp\/v2\/product_cat?post=68599"},{"taxonomy":"product_tag","embeddable":true,"href":"https:\/\/esenssi.com\/fabrica\/wp-json\/wp\/v2\/product_tag?post=68599"}],"curies":[{"name":"wp","href":"https:\/\/api.w.org\/{rel}","templated":true}]}}